{"id":175,"date":"2018-08-31T13:45:56","date_gmt":"2018-08-31T13:45:56","guid":{"rendered":"http:\/\/fae.uprrp.edu\/quest\/?page_id=175"},"modified":"2018-09-04T00:45:30","modified_gmt":"2018-09-04T00:45:30","slug":"proceedings-q9","status":"publish","type":"page","link":"https:\/\/fae.uprrp.edu\/quest\/past-conference-proceedings\/proceedings-q9\/","title":{"rendered":"Proceedings Q9"},"content":{"rendered":"<h3>ISSN 2166-024<\/h3>\n<table border=\"1pt\" width=\"100%\" cellspacing=\"0\" cellpadding=\"2\">\n<tbody>\n<tr>\n<td colspan=\"2\"><b>REVIEWERS<\/b><br \/>\nAida Lozada, Alex Ruiz, Ana Marsanasco, Andrey Valenciano, Arleen Hern\u00e1ndez, Camilo Mej\u00eda, Carmen L\u00f3pez, Carmina Fandos-Herrera, Catherine Pereira, Dagoberto Paramo, Dale Mathews, Edy Lorena Burbano Vallejo, Eldra G. Hern\u00e1ndez, Eliut Flores, Elizabeth Robles, Enrique Gamboa, Frank Lozada Contreras, Gianni Romani, Grisel Mel\u00e9ndez, Javier Baella, Jean Jacques Oguilve P\u00e9rez, Jeannette Mena, Jennifer Santos-Hern\u00e1ndez, Jorge Ayala, Joge Calaf, Jos\u00e9 Ram\u00f3n Garc\u00eda Aranda, Manuel E. Becerra Bizarr\u00f3n, Manuel Lobato Vico, Mar\u00eda T. Cab\u00e1n, Mariela Svetlichich, Marin\u00e9s Aponte, Mario D\u00edaz Dur\u00e1n, Marisela Santiago-Castro, Maritza Soto, Olga H. Rom\u00e1n Mu\u00f1oz, Pablo E. Johnson, Pedro P. Escalante, Pervaiz Adam, Prabaharan Arunachalam, Ra\u00fal Bringas-Nostti, Ricardo Vallenilla, Silvana Cavallari, Wanda Mattei.<\/td>\n<\/tr>\n<tr>\n<td valign=\"center\" width=\"40%\"><b>TITLE<\/b><\/td>\n<td valign=\"center\" width=\"60%\"><b>AUTHORS<\/b><\/td>\n<\/tr>\n<tr>\n<td colspan=\"2\">\n<h3>Full Program<\/h3>\n<\/td>\n<\/tr>\n<tr>\n<td colspan=\"2\">\n<h3>Concurrent I &#8211; Panel Session<\/h3>\n<\/td>\n<\/tr>\n<tr>\n<td valign=\"center\" width=\"33%\"><a href=\"http:\/\/fae.uprrp.edu\/quest\/090101\/\" target=\"blank\"><i>What Corporate America Wants from Information Systems Entry Level Employees<\/i><\/a><\/td>\n<td valign=\"center\" width=\"33%\">Mar\u00eda Rodr\u00edguez de Orellana, UPR, R\u00edo Piedras<br \/>\nArnaldo Ramos, UPR, R\u00edo Piedras<br \/>\n\u00c1ngel L. P\u00e9rez, Vicepresident Rock Solid Technologies, Inc.<br \/>\nTrixie De Le\u00f3n Gonz\u00e1lez (student, UPR, R\u00edo Piedras)<\/td>\n<\/tr>\n<tr>\n<td colspan=\"2\">\n<h3>Concurrent II &#8211; Entrepreneurship<\/h3>\n<\/td>\n<\/tr>\n<tr>\n<td valign=\"center\" width=\"33%\"><a href=\"http:\/\/fae.uprrp.edu\/quest\/090201\/\" target=\"blank\"><i>Exploring Entrepreneurial Amongst the Herero People in Namibia<\/i><\/a><\/td>\n<td valign=\"center\" width=\"33%\">Wilfred Isak April, Boniface Mutumba and Petrus Erwee, University of Namibia, \u00e1frica<\/td>\n<\/tr>\n<tr>\n<td valign=\"center\" width=\"33%\"><a href=\"http:\/\/fae.uprrp.edu\/quest\/090202\/\" target=\"blank\"><i>A view to Entrepreneurship and Women from Institutions Theory Perspective<\/i><\/a><\/td>\n<td valign=\"center\" width=\"33%\">Grisel Mel\u00e9ndez, UPR, R\u00edo Piedras<\/td>\n<\/tr>\n<tr>\n<td valign=\"center\" width=\"33%\"><a href=\"http:\/\/fae.uprrp.edu\/quest\/090203\/\" target=\"blank\"><i>An Ecosystem Approach for SME Expansion: the Case of &#8221; Grow your Business&#8221; Program in Puerto Rico<\/i><\/a><\/td>\n<td valign=\"center\" width=\"33%\">Moraima de Hoyos Jos\u00e9 Vega-Torres and Glennys Rivera-Vargas UPR, Mayag\u00fcez<\/td>\n<\/tr>\n<tr>\n<td colspan=\"2\">\n<h3>Concurrent III &#8211; Accounting<\/h3>\n<\/td>\n<\/tr>\n<tr>\n<td valign=\"center\" width=\"33%\"><a href=\"http:\/\/fae.uprrp.edu\/quest\/090301\/\" target=\"blank\"><i>The Mechanics of Aggressive Tax Planning by Multinational Corporation<\/i><\/a><\/td>\n<td valign=\"center\" width=\"33%\">Frank Barry, Trinity College Dublin, Ireland<\/td>\n<\/tr>\n<tr>\n<td valign=\"center\" width=\"33%\"><a href=\"http:\/\/fae.uprrp.edu\/quest\/090302\/\" target=\"blank\"><i>IASB and FASB Convergence Project: Where are They Now?<\/i><\/a><\/td>\n<td valign=\"center\" width=\"33%\">Aida Lozada, students: Alice Abboud, Andrea del Valle and Jorge L. Vega, UPR R\u00edo Piedras<\/td>\n<\/tr>\n<tr>\n<td colspan=\"2\">\n<h3>Concurrent IV &#8211; Information Technology<\/h3>\n<\/td>\n<\/tr>\n<tr>\n<td valign=\"center\" width=\"33%\"><a href=\"http:\/\/fae.uprrp.edu\/quest\/090401\/\" target=\"blank\"><i>Semi Supervised Classification of Web Content using Mixture Models<\/i><\/a><\/td>\n<td valign=\"center\" width=\"33%\">Roxana Aparicio, UPR,Rio Piedras<\/td>\n<\/tr>\n<tr>\n<td valign=\"center\" width=\"33%\"><a href=\"http:\/\/fae.uprrp.edu\/quest\/090402\/\" target=\"blank\"><i>Virtual Worlds: the Next Step for Social Collaboration<\/i><\/a><\/td>\n<td valign=\"center\" width=\"33%\">Katherine Franceschi, UPR, R\u00edo Piedras<\/td>\n<\/tr>\n<tr>\n<td valign=\"center\" width=\"33%\"><a href=\"http:\/\/fae.uprrp.edu\/quest\/090403\/\" target=\"blank\"><i>Puerto Rican Information Technology Firms Radiography: Empirical Evidence<\/i><\/a><\/td>\n<td valign=\"center\" width=\"33%\">Rosarito S\u00e1nchez and Justin Paul, UPR, R\u00edo Piedras<\/td>\n<\/tr>\n<tr>\n<td colspan=\"2\">\n<h3>Concurrent V(A) &#8211; Marketing<\/h3>\n<\/td>\n<\/tr>\n<tr>\n<td valign=\"center\" width=\"33%\"><a href=\"http:\/\/fae.uprrp.edu\/quest\/0905A01\/\" target=\"blank\"><i>Estudio sobre c\u00f3mo se define mercadeo dentro de las compa\u00f1\u00edas<\/i><\/a><\/td>\n<td valign=\"center\" width=\"33%\">Frank Lozada, Pontifical Catholic University of Puerto Rico, Mayag\u00fcez<\/td>\n<\/tr>\n<tr>\n<td valign=\"center\" width=\"33%\"><a href=\"http:\/\/fae.uprrp.edu\/quest\/0905A02\/\" target=\"blank\"><i>El efecto de la imagen de pa\u00eds de origen y la personalidad de marca en la intenci\u00f3n de compra: el caso de Toyota en Puerto Rico y M\u00e9xico<\/i><\/a><\/td>\n<td valign=\"center\" width=\"33%\">Rene\u00e9 Ort\u00edz, Juan C. Sosa Turabo University, Caguas<\/td>\n<\/tr>\n<tr>\n<td valign=\"center\" width=\"33%\"><a href=\"http:\/\/fae.uprrp.edu\/quest\/0905A03\/\" target=\"blank\"><i>Marketing Metrics in Successful SMEs: a Survey of Native Firms in Puerto Rico<\/i><\/a><\/td>\n<td valign=\"center\" width=\"33%\">Frank Lozada, Pontifical Catholic University of Puerto Rico, Mayag\u00fcez and Jos\u00e9 Vega-Torres, UPR, Mayag\u00fcez<\/td>\n<\/tr>\n<tr>\n<td colspan=\"2\">\n<h3>Concurrent V(B) &#8211; Business Communication<\/h3>\n<\/td>\n<\/tr>\n<tr>\n<td valign=\"center\" width=\"33%\"><a href=\"http:\/\/fae.uprrp.edu\/quest\/0905B01\/\" target=\"blank\"><i>El uso de Facebook y Twitter para conocer la imagen de marca pa\u00eds de Puerto Rico: la Isla Estrella<\/i><\/a><\/td>\n<td valign=\"center\" width=\"33%\">Ivette Soto, National University College Online, PR<\/td>\n<\/tr>\n<tr>\n<td valign=\"center\" width=\"33%\"><a href=\"http:\/\/fae.uprrp.edu\/quest\/0905B01\/\" target=\"blank\"><i>El servicio electr\u00f3nico al cliente post venta: la experiencia Honda de San Juan<\/i><\/a><\/td>\n<td valign=\"center\" width=\"33%\">Juan Pe\u00f1a, UPR, R\u00edo Piedras<\/td>\n<\/tr>\n<tr>\n<td colspan=\"2\">\n<h3>Concurrent VI &#8211; Finance<\/h3>\n<\/td>\n<\/tr>\n<tr>\n<td valign=\"center\" width=\"33%\"><a href=\"http:\/\/fae.uprrp.edu\/quest\/090601\/\" target=\"blank\"><i>Assessing Foreign Funds Geographical Region Timing Skill<\/i><\/a><\/td>\n<td valign=\"center\" width=\"33%\">Herminio Romero, UPR, Carolina y Javier Rodr\u00edguez, UPR, R\u00edo Piedras<\/td>\n<\/tr>\n<tr>\n<td valign=\"center\" width=\"33%\"><a href=\"http:\/\/fae.uprrp.edu\/quest\/090602\/\" target=\"blank\"><i>The Export-Import Bank of the United States and the Small and Medium Sized enterprise<\/i><\/a><\/td>\n<td valign=\"center\" width=\"33%\">Darik Cruz, UPR, Mayag\u00fcez<\/td>\n<\/tr>\n<tr>\n<td valign=\"center\" width=\"33%\"><a href=\"http:\/\/fae.uprrp.edu\/quest\/090603\/\" target=\"blank\"><i>Risk Premium in Financial Futures Markets: Preference Models, Behavioral Puzzles or Fraud?<\/i><\/a><\/td>\n<td valign=\"center\" width=\"33%\">Rafael Mart\u00ednez<\/td>\n<\/tr>\n<tr>\n<td colspan=\"2\">\n<h3>Concurrent VII &#8211; Human Resources<\/h3>\n<\/td>\n<\/tr>\n<tr>\n<td valign=\"center\" width=\"33%\"><a href=\"http:\/\/fae.uprrp.edu\/quest\/090701\/\" target=\"blank\"><i>Inteligencia competitiva y manejo del cambio estrat\u00e9gico en las PYMES de la regi\u00f3n oeste de Puerto Rico<\/i><\/a><\/td>\n<td valign=\"center\" width=\"33%\">Samuel V\u00e9lez\/Jos\u00e9 Gerardo Mart\u00ednez, UPR Mayag\u00fcez<\/td>\n<\/tr>\n<tr>\n<td colspan=\"2\">\n<h3>Concurrent VIII &#8211; Competitiveness and Higher Education<\/h3>\n<\/td>\n<\/tr>\n<tr>\n<td valign=\"center\" width=\"33%\"><a href=\"http:\/\/fae.uprrp.edu\/quest\/090801\/\" target=\"blank\"><i>Teor\u00eda y pr\u00e1ctica de la responsabilidad social corporativa en las escuelas de negocios de los Estados Unidos<\/i><\/a><\/td>\n<td valign=\"center\" width=\"33%\">Lina G\u00f3mez, Universidad del Este, Carolina y Lucely Vargas Preciado, Johannes Kepler Universitat, Austria<\/td>\n<\/tr>\n<tr>\n<td valign=\"center\" width=\"33%\"><a href=\"http:\/\/fae.uprrp.edu\/quest\/090802\/\" target=\"blank\"><i>Leveraging the Constituents&#8217; Requirements to the Information Systems Curriculum Objectives<\/i><\/a><\/td>\n<td valign=\"center\" width=\"33%\">Rosarito S\u00e1nchez, UPR, R\u00edo Piedras<\/td>\n<\/tr>\n<tr>\n<td valign=\"center\" width=\"33%\"><a href=\"http:\/\/fae.uprrp.edu\/quest\/090803\/\" target=\"blank\"><i>University Social Responsibility: A Social Transformation of Learning,Teaching, Research, and Innovation<\/i><\/a><\/td>\n<td valign=\"center\" width=\"33%\">Lina G\u00f3mez, Universidad del Este,Carolina, Beatriz Morales Alequin\/Juan Carlos Vadi, UPR, R\u00edo Piedras<\/td>\n<\/tr>\n<tr>\n<td colspan=\"2\">\n<h3>Concurrent IX &#8211; Management<\/h3>\n<\/td>\n<\/tr>\n<tr>\n<td valign=\"center\" width=\"33%\"><a href=\"http:\/\/fae.uprrp.edu\/quest\/090901\/\" target=\"blank\"><i>Democracia competitiva en la empresa social<\/i><\/a><\/td>\n<td valign=\"center\" width=\"33%\">Jos\u00e9 Vega-Torres, UPR,Mayag\u00fcez<\/td>\n<\/tr>\n<tr>\n<td valign=\"center\" width=\"33%\"><a href=\"http:\/\/fae.uprrp.edu\/quest\/090902\/\" target=\"blank\"><i>Factores que afectan el proceso de importaci\u00f3n desde la perspectiva de los agentes navieros en Puerto Rico<\/i><\/a><\/td>\n<td valign=\"center\" width=\"33%\">Claudia Anaya-Oviedo, Mar\u00eda Amador-Dumois, Mario C\u00f3rdova-Claudio, UPR, Mayag\u00fcez<\/td>\n<\/tr>\n<tr>\n<td valign=\"center\" width=\"33%\"><a href=\"http:\/\/fae.uprrp.edu\/quest\/090903\/\" target=\"blank\"><i>The Role of Perceived Supervisor Support on the Link between Knowledge Sharing and Creative Problem Solving Capacity<\/i><\/a><\/td>\n<td valign=\"center\" width=\"33%\">Ugur Yozgat\/R. Hande Serim Bahadinli,Mamara University, Turkey and Recep Baki Deniz, Istanbul Gelisim University<\/td>\n<\/tr>\n<tr>\n<td colspan=\"2\">\n<h3>Concurrent X &#8211; Economics and Logistics<\/h3>\n<\/td>\n<\/tr>\n<tr>\n<td valign=\"center\" width=\"33%\"><a href=\"http:\/\/fae.uprrp.edu\/quest\/091001\/\" target=\"blank\"><i>Perfil de la econom\u00eda creativa en Puerto Rico<\/i><\/a><\/td>\n<td valign=\"center\" width=\"33%\">Javier Hern\u00e1ndez, Sacred Heart University, San Juan<\/td>\n<\/tr>\n<tr>\n<td valign=\"center\" width=\"33%\"><a href=\"http:\/\/fae.uprrp.edu\/quest\/091002\/\" target=\"blank\"><i>Business Sustainability Index: an International Project for Measure Sustainable Business Practices<\/i><\/a><\/td>\n<td valign=\"center\" width=\"33%\">Juan Carlos Sosa Varela, Associate Professor, School of Business &amp; Entrepreneurship, Turabo University, Puerto Rico<br \/>\nG\u00f6ran Svensson, Professor, Olso School of Management, Norway<br \/>\nCarmen Padin, Facultad Economia, Universidad de Vigo, Spain<br \/>\nCarlos Ferro, Professor, Departamento de Organizacion de Empresas y Marketing, Universidad de Vigo, Spain<br \/>\nNils M. Hogevold, Assistant Professor, Olso School of Management, Norway<br \/>\nBeverly Wagner, Senior Lecturer, Strathclyde University, Scotland<br \/>\nDaniel J. Petzer, Professor, North-West University, South Africa<br \/>\nHB Klopper, Associate Professor, Monash University, South Africa<\/td>\n<\/tr>\n<tr>\n<td valign=\"center\" width=\"33%\"><a href=\"http:\/\/fae.uprrp.edu\/quest\/091003\/\" target=\"blank\"><i>A model for the Sur American Countries Global Competitiveness Index: Beyond Double Diamond and WEF- IMD Models<\/i><\/a><\/td>\n<td valign=\"center\" width=\"33%\">Segundo Castro, Universidad T\u00e9cnica de Macala, Ecuador, Alex Ruiz, UPR, R\u00edo Piedras, Juan Carlos Sosa, Turabo University, Caguas and Jes\u00fas Pe\u00f1a-Vinces, Universidad de Sevilla, Espa\u00f1a<\/td>\n<\/tr>\n<tr>\n<td valign=\"center\" width=\"33%\"><a href=\"http:\/\/fae.uprrp.edu\/quest\/091004\/\" target=\"blank\"><i>Brechas de Desempe\u00f1o Log\u00edstico entre Colombia y Jap\u00f3n de los a\u00f1os 2007, 2010 y 2012<\/i><\/a><\/td>\n<td valign=\"center\" width=\"33%\">Lina Mar\u00eda Medina, Pedro Pablo Meza y Edy Burbano, Pontificia Universidad Javeriana, Cali, Colombia<\/td>\n<\/tr>\n<tr>\n<td colspan=\"2\">\n<h3>Concurrent XI &#8211; Accounting and Finance<\/h3>\n<\/td>\n<\/tr>\n<tr>\n<td valign=\"center\" width=\"33%\"><a href=\"http:\/\/fae.uprrp.edu\/quest\/091101\/\" target=\"blank\"><i>Reporte de los gastos de recaudaci\u00f3n de fondos de las organizaciones sin fines de lucro (OSFL) en la forma 990 de 2008<\/i><\/a><\/td>\n<td valign=\"center\" width=\"33%\">Luz I. Gracia, UPR, Mayag\u00fcez<\/td>\n<\/tr>\n<tr>\n<td valign=\"center\" width=\"33%\"><a href=\"http:\/\/fae.uprrp.edu\/quest\/091102\/\" target=\"blank\"><i>Seductive Route Towards Convergence: IFRS for SMEs<\/i><\/a><\/td>\n<td valign=\"center\" width=\"33%\">Aida Lozada, UPR, R\u00edo Piedras<\/td>\n<\/tr>\n<tr>\n<td colspan=\"2\">\n<h3>Poster Session: a special opportunity to share insights with authors<\/h3>\n<\/td>\n<\/tr>\n<tr>\n<td valign=\"center\" width=\"33%\"><a href=\"http:\/\/fae.uprrp.edu\/quest\/09PS01\/\" target=\"blank\"><i>Antecedents of Private Label and National Brand Attitudes<\/i><\/a><\/td>\n<td valign=\"center\" width=\"33%\">Juan Carlos Sosa, Mar\u00eda de los M. Santos Corrada, Angie Lugo-Salls, Juan Osorio and Edgard Rodr\u00edguez, doctoral student, Turabo University, Caguas<\/td>\n<\/tr>\n<tr>\n<td valign=\"center\" width=\"33%\"><a href=\"http:\/\/fae.uprrp.edu\/quest\/09PS02\/\" target=\"blank\"><i>Disyuntiva de pagar impuesto especial sobre producci\u00f3n y servicios en empresas familiares de M\u00e9xico<\/i><\/a><\/td>\n<td valign=\"center\" width=\"33%\">Rosa Hilda Hern\u00e1ndez, Sandra Patricia de la Garza Cienfuegos y Laura Leticia Gaona Tamez, Universidad Aut\u00f3noma de Coahulia, M\u00e9xico<\/td>\n<\/tr>\n<tr>\n<td valign=\"center\" width=\"33%\"><a href=\"http:\/\/fae.uprrp.edu\/quest\/09PS03\/\" target=\"blank\"><i>La actitud gerencial en el reclutamiento de personas con impedimentos en Puerto Rico<\/i><\/a><\/td>\n<td valign=\"center\" width=\"33%\">David Ruiz\/Mario C\u00f3rdova, UPR, Mayag\u00fcez<\/td>\n<\/tr>\n<tr>\n<td valign=\"center\" width=\"33%\"><a href=\"http:\/\/fae.uprrp.edu\/quest\/09PS04\/\" target=\"blank\"><i>Negocios disruptivos: \u00bfc\u00f3mo identificarlos?<\/i><\/a><\/td>\n<td valign=\"center\" width=\"33%\">Elizabeth Robles, UPR, R\u00edo Piedras<\/td>\n<\/tr>\n<\/tbody>\n<\/table>\n<div class=\"pvc_clear\"><\/div>\n<p id=\"pvc_stats_175\" class=\"pvc_stats all  \" data-element-id=\"175\" style=\"\"><i class=\"pvc-stats-icon medium\" aria-hidden=\"true\"><svg aria-hidden=\"true\" focusable=\"false\" data-prefix=\"far\" data-icon=\"chart-bar\" role=\"img\" xmlns=\"http:\/\/www.w3.org\/2000\/svg\" viewBox=\"0 0 512 512\" class=\"svg-inline--fa fa-chart-bar fa-w-16 fa-2x\"><path fill=\"currentColor\" d=\"M396.8 352h22.4c6.4 0 12.8-6.4 12.8-12.8V108.8c0-6.4-6.4-12.8-12.8-12.8h-22.4c-6.4 0-12.8 6.4-12.8 12.8v230.4c0 6.4 6.4 12.8 12.8 12.8zm-192 0h22.4c6.4 0 12.8-6.4 12.8-12.8V140.8c0-6.4-6.4-12.8-12.8-12.8h-22.4c-6.4 0-12.8 6.4-12.8 12.8v198.4c0 6.4 6.4 12.8 12.8 12.8zm96 0h22.4c6.4 0 12.8-6.4 12.8-12.8V204.8c0-6.4-6.4-12.8-12.8-12.8h-22.4c-6.4 0-12.8 6.4-12.8 12.8v134.4c0 6.4 6.4 12.8 12.8 12.8zM496 400H48V80c0-8.84-7.16-16-16-16H16C7.16 64 0 71.16 0 80v336c0 17.67 14.33 32 32 32h464c8.84 0 16-7.16 16-16v-16c0-8.84-7.16-16-16-16zm-387.2-48h22.4c6.4 0 12.8-6.4 12.8-12.8v-70.4c0-6.4-6.4-12.8-12.8-12.8h-22.4c-6.4 0-12.8 6.4-12.8 12.8v70.4c0 6.4 6.4 12.8 12.8 12.8z\" class=\"\"><\/path><\/svg><\/i> <img loading=\"lazy\" decoding=\"async\" width=\"16\" height=\"16\" alt=\"Loading\" src=\"https:\/\/fae.uprrp.edu\/quest\/wp-content\/plugins\/page-views-count\/ajax-loader-2x.gif\" border=0 \/><\/p>\n<div class=\"pvc_clear\"><\/div>\n","protected":false},"excerpt":{"rendered":"<p>ISSN 2166-024 REVIEWERS Aida Lozada, Alex Ruiz, Ana Marsanasco, Andrey Valenciano, Arleen Hern\u00e1ndez, Camilo Mej\u00eda, Carmen L\u00f3pez, Carmina Fandos-Herrera, Catherine Pereira, Dagoberto Paramo, Dale Mathews, Edy Lorena Burbano Vallejo, Eldra G. Hern\u00e1ndez, Eliut Flores, Elizabeth Robles, Enrique Gamboa, Frank Lozada Contreras, Gianni Romani, Grisel Mel\u00e9ndez, Javier Baella, Jean Jacques Oguilve P\u00e9rez, Jeannette Mena, Jennifer Santos-Hern\u00e1ndez,<\/p>\n<div class=\"read-more\"><a href=\"https:\/\/fae.uprrp.edu\/quest\/past-conference-proceedings\/proceedings-q9\/\" title=\"Read More\">Read More<\/a><\/div>\n<div class=\"pvc_clear\"><\/div>\n<p id=\"pvc_stats_175\" class=\"pvc_stats all  \" data-element-id=\"175\" style=\"\"><i class=\"pvc-stats-icon medium\" aria-hidden=\"true\"><svg aria-hidden=\"true\" focusable=\"false\" data-prefix=\"far\" data-icon=\"chart-bar\" role=\"img\" xmlns=\"http:\/\/www.w3.org\/2000\/svg\" viewBox=\"0 0 512 512\" class=\"svg-inline--fa fa-chart-bar fa-w-16 fa-2x\"><path fill=\"currentColor\" d=\"M396.8 352h22.4c6.4 0 12.8-6.4 12.8-12.8V108.8c0-6.4-6.4-12.8-12.8-12.8h-22.4c-6.4 0-12.8 6.4-12.8 12.8v230.4c0 6.4 6.4 12.8 12.8 12.8zm-192 0h22.4c6.4 0 12.8-6.4 12.8-12.8V140.8c0-6.4-6.4-12.8-12.8-12.8h-22.4c-6.4 0-12.8 6.4-12.8 12.8v198.4c0 6.4 6.4 12.8 12.8 12.8zm96 0h22.4c6.4 0 12.8-6.4 12.8-12.8V204.8c0-6.4-6.4-12.8-12.8-12.8h-22.4c-6.4 0-12.8 6.4-12.8 12.8v134.4c0 6.4 6.4 12.8 12.8 12.8zM496 400H48V80c0-8.84-7.16-16-16-16H16C7.16 64 0 71.16 0 80v336c0 17.67 14.33 32 32 32h464c8.84 0 16-7.16 16-16v-16c0-8.84-7.16-16-16-16zm-387.2-48h22.4c6.4 0 12.8-6.4 12.8-12.8v-70.4c0-6.4-6.4-12.8-12.8-12.8h-22.4c-6.4 0-12.8 6.4-12.8 12.8v70.4c0 6.4 6.4 12.8 12.8 12.8z\" class=\"\"><\/path><\/svg><\/i> <img loading=\"lazy\" decoding=\"async\" width=\"16\" height=\"16\" alt=\"Loading\" src=\"https:\/\/fae.uprrp.edu\/quest\/wp-content\/plugins\/page-views-count\/ajax-loader-2x.gif\" border=0 \/><\/p>\n<div class=\"pvc_clear\"><\/div>\n","protected":false},"author":3,"featured_media":0,"parent":166,"menu_order":52,"comment_status":"closed","ping_status":"closed","template":"","meta":{"_monsterinsights_skip_tracking":false,"_monsterinsights_sitenote_active":false,"_monsterinsights_sitenote_note":"","_monsterinsights_sitenote_category":0,"footnotes":""},"class_list":["post-175","page","type-page","status-publish"],"_links":{"self":[{"href":"https:\/\/fae.uprrp.edu\/quest\/wp-json\/wp\/v2\/pages\/175","targetHints":{"allow":["GET"]}}],"collection":[{"href":"https:\/\/fae.uprrp.edu\/quest\/wp-json\/wp\/v2\/pages"}],"about":[{"href":"https:\/\/fae.uprrp.edu\/quest\/wp-json\/wp\/v2\/types\/page"}],"author":[{"embeddable":true,"href":"https:\/\/fae.uprrp.edu\/quest\/wp-json\/wp\/v2\/users\/3"}],"replies":[{"embeddable":true,"href":"https:\/\/fae.uprrp.edu\/quest\/wp-json\/wp\/v2\/comments?post=175"}],"version-history":[{"count":10,"href":"https:\/\/fae.uprrp.edu\/quest\/wp-json\/wp\/v2\/pages\/175\/revisions"}],"predecessor-version":[{"id":305,"href":"https:\/\/fae.uprrp.edu\/quest\/wp-json\/wp\/v2\/pages\/175\/revisions\/305"}],"up":[{"embeddable":true,"href":"https:\/\/fae.uprrp.edu\/quest\/wp-json\/wp\/v2\/pages\/166"}],"wp:attachment":[{"href":"https:\/\/fae.uprrp.edu\/quest\/wp-json\/wp\/v2\/media?parent=175"}],"curies":[{"name":"wp","href":"https:\/\/api.w.org\/{rel}","templated":true}]}}