{"id":169,"date":"2018-08-31T12:12:04","date_gmt":"2018-08-31T12:12:04","guid":{"rendered":"http:\/\/fae.uprrp.edu\/quest\/?page_id=169"},"modified":"2018-09-03T17:22:45","modified_gmt":"2018-09-03T17:22:45","slug":"proceedings-q10","status":"publish","type":"page","link":"https:\/\/fae.uprrp.edu\/quest\/past-conference-proceedings\/proceedings-q10\/","title":{"rendered":"Proceedings Q10"},"content":{"rendered":"<h3>ISSN 2166-024<\/h3>\n<table border=\"1pt\" width=\"100%\" cellspacing=\"0\" cellpadding=\"2\">\n<tbody>\n<tr>\n<td colspan=\"2\"><b>REVIEWERS<\/b><br \/>\nPending<\/td>\n<\/tr>\n<tr>\n<td valign=\"center\" width=\"40%\"><b>TITLE<\/b><\/td>\n<td valign=\"center\" width=\"60%\"><b>AUTHORS<\/b><\/td>\n<\/tr>\n<tr>\n<td colspan=\"2\">\n<h3>Full Program<\/h3>\n<\/td>\n<\/tr>\n<tr>\n<td colspan=\"2\">\n<h3>Concurrent I<\/h3>\n<\/td>\n<\/tr>\n<tr>\n<td valign=\"center\" width=\"33%\"><a href=\"http:\/\/fae.uprrp.edu\/quest\/100101\/\" target=\"blank\"><i>Perfil de las Empresas sociales en Puerto Rico<\/i><\/a><\/td>\n<td valign=\"center\" width=\"33%\">Dra. Patricia Valent\u00edn, University of Puerto Rico, Mayag\u00fcez Campus<\/td>\n<\/tr>\n<tr>\n<td valign=\"center\" width=\"33%\"><a href=\"http:\/\/fae.uprrp.edu\/quest\/100102\/\" target=\"blank\"><i>The effect of legislative grants in the potential for diversification of revenues among nonprofit corporations<\/i><\/a><\/td>\n<td valign=\"center\" width=\"33%\">David Santiago, University of Puerto Rico, Mayag\u00fcez Campus<br \/>\nJos\u00e9 Vega, University of Puerto Rico, Mayag\u00fcez Campus<br \/>\nChristina Clamp, Southern New Hampshire University<\/td>\n<\/tr>\n<tr>\n<td valign=\"center\" width=\"33%\"><a href=\"http:\/\/fae.uprrp.edu\/quest\/100103\/\" target=\"blank\"><i>Cooperative and Commercial Entrepreneurship in Puerto Rico: Do the existing entrepreneurial framework conditions exert the same influence on these two types of entrepreneurship?<\/i><\/a><\/td>\n<td valign=\"center\" width=\"33%\">Marin\u00e9s Aponte, University of Puerto Rico, R\u00edo Piedras Campus<br \/>\nMarta \u00c1lvarez, University of Puerto Rico, R\u00edo Piedras Campus<\/td>\n<\/tr>\n<tr>\n<td valign=\"center\" width=\"33%\"><a href=\"http:\/\/fae.uprrp.edu\/quest\/100104\/\" target=\"blank\"><i>La inversi\u00f3n social de las cooperativas de ahorro y cr\u00e9dito en Puerto Rico: Conceptuaci\u00f3n y Cuantificaci\u00f3n<\/i><\/a><\/td>\n<td valign=\"center\" width=\"33%\">Marin\u00e9s Aponte, University of Puerto Rico, R\u00edo Piedras Campus<\/td>\n<\/tr>\n<tr>\n<td colspan=\"2\">\n<h3>Concurrent II<\/h3>\n<\/td>\n<\/tr>\n<tr>\n<td valign=\"center\" width=\"33%\"><a href=\"http:\/\/fae.uprrp.edu\/quest\/100201\/\" target=\"blank\"><i>An Inventory of Skills for Entry-level IT Employees<\/i><\/a><\/td>\n<td valign=\"center\" width=\"33%\">Armando I. Ramos, University of Puerto Rico, R\u00edo Piedras Campus<\/td>\n<\/tr>\n<tr>\n<td valign=\"center\" width=\"33%\"><a href=\"http:\/\/fae.uprrp.edu\/quest\/100202\/\"><i>An Inventory of Skills for Entry-level IT Employees (Quest presentation)<\/i><\/a><\/td>\n<td valign=\"center\" width=\"33%\">Armando I. Ramos, University of Puerto Rico, R\u00edo Piedras Campus<\/td>\n<\/tr>\n<tr>\n<td colspan=\"2\">\n<h3>Concurrent III<\/h3>\n<\/td>\n<\/tr>\n<tr>\n<td valign=\"center\" width=\"33%\"><a href=\"http:\/\/fae.uprrp.edu\/quest\/100301\/\" target=\"blank\"><i>El fomento del empresarismo como pol\u00edtica p\u00fablica y su impacto en la reducci\u00f3n de la pobreza<\/i><\/a><\/td>\n<td valign=\"center\" width=\"33%\">Norma Rodr\u00edguez Rold\u00e1n<br \/>\nEileen Segarra Alm\u00e9stica<br \/>\nCarmen Correa Matos<br \/>\nBangie Carrasquillo Casado<\/td>\n<\/tr>\n<tr>\n<td valign=\"center\" width=\"33%\"><a href=\"http:\/\/fae.uprrp.edu\/quest\/100302\/\" target=\"blank\"><i>La publicida impresa en tres paises del Caribe<\/i><\/a><\/td>\n<td valign=\"center\" width=\"33%\">Elena Mart\u00ednez Ibarra, University of Puerto Rico, R\u00edo Piedras Campus<\/td>\n<\/tr>\n<tr>\n<td valign=\"center\" width=\"33%\"><a href=\"http:\/\/fae.uprrp.edu\/quest\/100303\/\" target=\"blank\"><i>Pr\u00e1cticas de cooperaci\u00f3n empresa-universidad: Tendencia de las empresas privadas en Puerto Rico<\/i><\/a><\/td>\n<td valign=\"center\" width=\"33%\">Maribel Huertas, University of Puerto Rico, R\u00edo Piedras Campus<br \/>\nJeanette Cab\u00e1n, University of Puerto Rico, R\u00edo Piedras Campus<\/td>\n<\/tr>\n<tr>\n<td colspan=\"2\">\n<h3>Concurrent IV<\/h3>\n<\/td>\n<\/tr>\n<tr>\n<td valign=\"center\" width=\"33%\"><i>Conocimiento financiero y econ\u00f3mico entre estudiantes universitarios<\/i><\/td>\n<td valign=\"center\" width=\"33%\">Ronald G. Hern\u00e1ndez Maldonado, Pontificia Universidad Cat\u00f3lica de Puerto Rico<\/td>\n<\/tr>\n<tr>\n<td valign=\"center\" width=\"33%\"><a href=\"http:\/\/fae.uprrp.edu\/quest\/100402\/\" target=\"blank\"><i>Nivel de responsabilidad de los gerentes de mercadeo en las funciones de mercadeo<\/i><\/a><\/td>\n<td valign=\"center\" width=\"33%\">Frank Lozada Contreras, Pontificia Universidad Cat\u00f3lica de Puerto Rico, Recinto de Ponce<\/td>\n<\/tr>\n<tr>\n<td colspan=\"2\">\n<h3>Concurrent V<\/h3>\n<\/td>\n<\/tr>\n<tr>\n<td valign=\"center\" width=\"33%\"><i>Pending<\/i><\/td>\n<td valign=\"center\" width=\"33%\"><\/td>\n<\/tr>\n<tr>\n<td colspan=\"2\">\n<h3>Concurrent VI<\/h3>\n<\/td>\n<\/tr>\n<tr>\n<td valign=\"center\" width=\"33%\"><a href=\"http:\/\/fae.uprrp.edu\/quest\/100601\/\" target=\"blank\"><i>El aprovechamiento matem\u00e1tico como predictor de \u00e9xito en los estudios universitarios<\/i><\/a><\/td>\n<td valign=\"center\" width=\"33%\">Jos\u00e9 Vega Vilca, University of Puerto Rico, R\u00edo Piedras Campus<br \/>\nWanda Vel\u00e1zquez Rosado, University of Puerto Rico, R\u00edo Piedras Campus<br \/>\nWanda Villafa\u00f1e Cepeda, University of Puerto Rico, R\u00edo Piedras Campus<\/td>\n<\/tr>\n<tr>\n<td valign=\"center\" width=\"33%\"><a href=\"http:\/\/fae.uprrp.edu\/quest\/100602\/\"><i>El efecto de la administraci\u00f3n estrat\u00e9gica de la diversidad cultural en la innovaci\u00f3n organizacional<\/i><\/a><\/td>\n<td valign=\"center\" width=\"33%\">Emily Torres Torres, Pontificia Universidad Cat\u00f3lica de Puerto Rico, Recinto de Ponce<\/td>\n<\/tr>\n<tr>\n<td colspan=\"2\">\n<h3>Concurrent VII<\/h3>\n<\/td>\n<\/tr>\n<tr>\n<td valign=\"center\" width=\"33%\"><i>Conocimiento financiero y econ\u00f3mico entre estudiantes universitarios<\/i><\/td>\n<td valign=\"center\" width=\"33%\">Ronald G. Hern\u00e1ndez Maldonado, Pontificia Universidad Cat\u00f3lica de Puerto Rico<\/td>\n<\/tr>\n<tr>\n<td valign=\"center\" width=\"33%\"><a href=\"http:\/\/fae.uprrp.edu\/quest\/100702\/\" target=\"blank\"><i>Levels of Entrepreneurial Traits of University Students in Puerto Rico<\/i><\/a><\/td>\n<td valign=\"center\" width=\"33%\">Jos\u00e9 Eduardo Berrios-Lugo, Universidad del Este<\/td>\n<\/tr>\n<tr>\n<td valign=\"center\" width=\"33%\"><a href=\"http:\/\/fae.uprrp.edu\/quest\/100703\/\" target=\"blank\"><i>The Efferent and Aesthetic Business Person&#8217;s Decision Making Process: A Pragmatic Family Business Affair &#8220;First Class Destination&#8221;<\/i><\/a><\/td>\n<td valign=\"center\" width=\"33%\">Leticia Rodr\u00edguez Talavera, University of Puerto Rico, R\u00edo Piedras Campus<\/td>\n<\/tr>\n<tr>\n<td colspan=\"2\">\n<h3>Concurrent VIII<\/h3>\n<\/td>\n<\/tr>\n<tr>\n<td valign=\"center\" width=\"33%\"><a href=\"http:\/\/fae.uprrp.edu\/quest\/100801\/\" target=\"blank\"><i>A golden opportunity with the senior travelers<\/i><\/a><\/td>\n<td valign=\"center\" width=\"33%\">Rafael A. Perez-Ram\u00edrez, Universidad del Turabo<br \/>\nJulio Cesar Hern\u00e1ndez, University of Puerto Rico, Mayag\u00fcez Campus<\/td>\n<\/tr>\n<tr>\n<td valign=\"center\" width=\"33%\"><a href=\"http:\/\/fae.uprrp.edu\/quest\/100802\/\" target=\"blank\"><i>Competitividad de la Industria del Turismo en Puerto Rico<\/i><\/a><\/td>\n<td valign=\"center\" width=\"33%\">Tommy Betancourt, Universidad del Turabo<br \/>\nMaribel Ortiz Soto, Universidad del Turabo<\/td>\n<\/tr>\n<tr>\n<td valign=\"center\" width=\"33%\"><a href=\"http:\/\/fae.uprrp.edu\/quest\/100803\/\" target=\"blank\"><i>The Expenditure of U.S Tourists and Concentration of the Accommodation and Food Service Industry: A Quantile Regression Analysis<\/i><\/a><\/td>\n<td valign=\"center\" width=\"33%\">Julio Cesar Hern\u00e1ndez, University of Puerto Rico, Mayag\u00fcez Campus<br \/>\nRafael A. Perez-Ram\u00edrez, Universidad del Turabo<\/td>\n<\/tr>\n<tr>\n<td colspan=\"2\">\n<h3>Concurrent IX<\/h3>\n<\/td>\n<\/tr>\n<tr>\n<td valign=\"center\" width=\"33%\"><a href=\"http:\/\/fae.uprrp.edu\/quest\/100901\/\" target=\"blank\"><i>El impacto de la innovaci\u00f3n de procesos en el crecimiento de la empresa<\/i><\/a><\/td>\n<td valign=\"center\" width=\"33%\">Rafael A. P\u00e9rez, Universidad del Turabo<br \/>\nMaribel Ortiz Soto, Universidad del Turabo<\/td>\n<\/tr>\n<tr>\n<td valign=\"center\" width=\"33%\"><i>Puerto Rico&#8217;s Entrepreneurial Ecosystem: A Public Policy Dilemma<\/i><\/td>\n<td valign=\"center\" width=\"33%\">Edgar Soto-Rodr\u00edguez, University of Puerto Rico, Mayag\u00fcez Campus<\/td>\n<\/tr>\n<tr>\n<td colspan=\"2\">\n<h3>Concurrent X<\/h3>\n<\/td>\n<\/tr>\n<tr>\n<td valign=\"center\" width=\"33%\"><a href=\"http:\/\/fae.uprrp.edu\/quest\/101001\/\" target=\"blank\"><i>El uso de los servicios de la nube y la protecci\u00f3n de los derechos de autor<\/i><\/a><\/td>\n<td valign=\"center\" width=\"33%\">Rosarito S\u00e1nchez-Morcilio, University of Puerto Rico, R\u00edo Piedras Campus<br \/>\nFrancisco Quiles-Torres, University of Puerto Rico, R\u00edo Piedras Campus<\/td>\n<\/tr>\n<tr>\n<td valign=\"center\" width=\"33%\"><a href=\"http:\/\/fae.uprrp.edu\/quest\/101002\/\" target=\"blank\"><i>Evaluation of vulnerabilities in computer systems users<\/i><\/a><\/td>\n<td valign=\"center\" width=\"33%\">Isabel Candal Vicente, Universidad de Este<br \/>\nSegundo Castro Gonz\u00e1les, Universidad del Este<br \/>\nJanely Garc\u00eda Cort\u00e9s, Xapiens International &#8211; Puerto Rico<\/td>\n<\/tr>\n<tr>\n<td valign=\"center\" width=\"33%\"><a href=\"http:\/\/fae.uprrp.edu\/quest\/101003\/\" target=\"blank\"><i>The CPP Model for Conceptualizing International Business Research<\/i><\/a><\/td>\n<td valign=\"center\" width=\"33%\">Rosarito S\u00e1nchez-Morcilio, University of Puerto Rico, R\u00edo Piedras Campus<br \/>\nJustin Paul, University of Puerto Rico, R\u00edo Piedras Campus<\/td>\n<\/tr>\n<tr>\n<td colspan=\"2\">\n<h3>Concurrent XI<\/h3>\n<\/td>\n<\/tr>\n<tr>\n<td valign=\"center\" width=\"33%\"><i>Pending<\/i><\/td>\n<td valign=\"center\" width=\"33%\">Pending<\/td>\n<\/tr>\n<\/tbody>\n<\/table>\n<div class=\"pvc_clear\"><\/div>\n<p id=\"pvc_stats_169\" class=\"pvc_stats all  \" data-element-id=\"169\" style=\"\"><i class=\"pvc-stats-icon medium\" aria-hidden=\"true\"><svg aria-hidden=\"true\" focusable=\"false\" data-prefix=\"far\" data-icon=\"chart-bar\" role=\"img\" xmlns=\"http:\/\/www.w3.org\/2000\/svg\" viewBox=\"0 0 512 512\" class=\"svg-inline--fa fa-chart-bar fa-w-16 fa-2x\"><path fill=\"currentColor\" d=\"M396.8 352h22.4c6.4 0 12.8-6.4 12.8-12.8V108.8c0-6.4-6.4-12.8-12.8-12.8h-22.4c-6.4 0-12.8 6.4-12.8 12.8v230.4c0 6.4 6.4 12.8 12.8 12.8zm-192 0h22.4c6.4 0 12.8-6.4 12.8-12.8V140.8c0-6.4-6.4-12.8-12.8-12.8h-22.4c-6.4 0-12.8 6.4-12.8 12.8v198.4c0 6.4 6.4 12.8 12.8 12.8zm96 0h22.4c6.4 0 12.8-6.4 12.8-12.8V204.8c0-6.4-6.4-12.8-12.8-12.8h-22.4c-6.4 0-12.8 6.4-12.8 12.8v134.4c0 6.4 6.4 12.8 12.8 12.8zM496 400H48V80c0-8.84-7.16-16-16-16H16C7.16 64 0 71.16 0 80v336c0 17.67 14.33 32 32 32h464c8.84 0 16-7.16 16-16v-16c0-8.84-7.16-16-16-16zm-387.2-48h22.4c6.4 0 12.8-6.4 12.8-12.8v-70.4c0-6.4-6.4-12.8-12.8-12.8h-22.4c-6.4 0-12.8 6.4-12.8 12.8v70.4c0 6.4 6.4 12.8 12.8 12.8z\" class=\"\"><\/path><\/svg><\/i> <img loading=\"lazy\" decoding=\"async\" width=\"16\" height=\"16\" alt=\"Loading\" src=\"https:\/\/fae.uprrp.edu\/quest\/wp-content\/plugins\/page-views-count\/ajax-loader-2x.gif\" border=0 \/><\/p>\n<div class=\"pvc_clear\"><\/div>\n","protected":false},"excerpt":{"rendered":"<p>ISSN 2166-024 REVIEWERS Pending TITLE AUTHORS Full Program Concurrent I Perfil de las Empresas sociales en Puerto Rico Dra. Patricia Valent\u00edn, University of Puerto Rico, Mayag\u00fcez Campus The effect of legislative grants in the potential for diversification of revenues among nonprofit corporations David Santiago, University of Puerto Rico, Mayag\u00fcez Campus Jos\u00e9 Vega, University of Puerto<\/p>\n<div class=\"read-more\"><a href=\"https:\/\/fae.uprrp.edu\/quest\/past-conference-proceedings\/proceedings-q10\/\" title=\"Read More\">Read More<\/a><\/div>\n<div class=\"pvc_clear\"><\/div>\n<p id=\"pvc_stats_169\" class=\"pvc_stats all  \" data-element-id=\"169\" style=\"\"><i class=\"pvc-stats-icon medium\" aria-hidden=\"true\"><svg aria-hidden=\"true\" focusable=\"false\" data-prefix=\"far\" data-icon=\"chart-bar\" role=\"img\" xmlns=\"http:\/\/www.w3.org\/2000\/svg\" viewBox=\"0 0 512 512\" class=\"svg-inline--fa fa-chart-bar fa-w-16 fa-2x\"><path fill=\"currentColor\" d=\"M396.8 352h22.4c6.4 0 12.8-6.4 12.8-12.8V108.8c0-6.4-6.4-12.8-12.8-12.8h-22.4c-6.4 0-12.8 6.4-12.8 12.8v230.4c0 6.4 6.4 12.8 12.8 12.8zm-192 0h22.4c6.4 0 12.8-6.4 12.8-12.8V140.8c0-6.4-6.4-12.8-12.8-12.8h-22.4c-6.4 0-12.8 6.4-12.8 12.8v198.4c0 6.4 6.4 12.8 12.8 12.8zm96 0h22.4c6.4 0 12.8-6.4 12.8-12.8V204.8c0-6.4-6.4-12.8-12.8-12.8h-22.4c-6.4 0-12.8 6.4-12.8 12.8v134.4c0 6.4 6.4 12.8 12.8 12.8zM496 400H48V80c0-8.84-7.16-16-16-16H16C7.16 64 0 71.16 0 80v336c0 17.67 14.33 32 32 32h464c8.84 0 16-7.16 16-16v-16c0-8.84-7.16-16-16-16zm-387.2-48h22.4c6.4 0 12.8-6.4 12.8-12.8v-70.4c0-6.4-6.4-12.8-12.8-12.8h-22.4c-6.4 0-12.8 6.4-12.8 12.8v70.4c0 6.4 6.4 12.8 12.8 12.8z\" class=\"\"><\/path><\/svg><\/i> <img loading=\"lazy\" decoding=\"async\" width=\"16\" height=\"16\" alt=\"Loading\" src=\"https:\/\/fae.uprrp.edu\/quest\/wp-content\/plugins\/page-views-count\/ajax-loader-2x.gif\" border=0 \/><\/p>\n<div class=\"pvc_clear\"><\/div>\n","protected":false},"author":3,"featured_media":0,"parent":166,"menu_order":51,"comment_status":"closed","ping_status":"closed","template":"","meta":{"_monsterinsights_skip_tracking":false,"_monsterinsights_sitenote_active":false,"_monsterinsights_sitenote_note":"","_monsterinsights_sitenote_category":0,"footnotes":""},"class_list":["post-169","page","type-page","status-publish"],"_links":{"self":[{"href":"https:\/\/fae.uprrp.edu\/quest\/wp-json\/wp\/v2\/pages\/169","targetHints":{"allow":["GET"]}}],"collection":[{"href":"https:\/\/fae.uprrp.edu\/quest\/wp-json\/wp\/v2\/pages"}],"about":[{"href":"https:\/\/fae.uprrp.edu\/quest\/wp-json\/wp\/v2\/types\/page"}],"author":[{"embeddable":true,"href":"https:\/\/fae.uprrp.edu\/quest\/wp-json\/wp\/v2\/users\/3"}],"replies":[{"embeddable":true,"href":"https:\/\/fae.uprrp.edu\/quest\/wp-json\/wp\/v2\/comments?post=169"}],"version-history":[{"count":30,"href":"https:\/\/fae.uprrp.edu\/quest\/wp-json\/wp\/v2\/pages\/169\/revisions"}],"predecessor-version":[{"id":291,"href":"https:\/\/fae.uprrp.edu\/quest\/wp-json\/wp\/v2\/pages\/169\/revisions\/291"}],"up":[{"embeddable":true,"href":"https:\/\/fae.uprrp.edu\/quest\/wp-json\/wp\/v2\/pages\/166"}],"wp:attachment":[{"href":"https:\/\/fae.uprrp.edu\/quest\/wp-json\/wp\/v2\/media?parent=169"}],"curies":[{"name":"wp","href":"https:\/\/api.w.org\/{rel}","templated":true}]}}