{"id":71,"date":"2021-04-30T01:09:02","date_gmt":"2021-04-30T01:09:02","guid":{"rendered":"https:\/\/fae.uprrp.edu\/jobsinitiative\/?page_id=71"},"modified":"2021-05-05T15:08:19","modified_gmt":"2021-05-05T15:08:19","slug":"apoyo-emocional","status":"publish","type":"page","link":"https:\/\/fae.uprrp.edu\/jobsinitiative\/apoyo-emocional\/","title":{"rendered":"Apoyo Emocional"},"content":{"rendered":"<p><em><span style=\"color: #993300\"><strong>Apoyo Emocional<\/strong><\/span><\/em><\/p>\n<p>Cuando te enfrentes a situaciones dif\u00edciles que no est\u00e9s seguro c\u00f3mo manejarlas en la universidad, en tu hogar, en el trabajo o en cualquier otro lugar es importante buscar ayuda. Para estos fines, las universidades cuentan con profesionales de la conducta listos para brindarte apoyo para satisfacer tus necesidades de estudio, vocacionales, personales y familiares. El <span style=\"color: #993300\"><a style=\"color: #993300\" href=\"https:\/\/estudiantes.uprrp.edu\/departamento-de-consejeria-para-el-desarrollo-estudiantil\/\"><strong>Departamento de de Consejeria para el Desarrollo Estudiantil<\/strong> (DCODE)<\/a> <\/span>est\u00e1 compuesto por un equipo multidisciplinario de profesionales con preparaci\u00f3n acad\u00e9mica especializada y licienciados en el \u00e1rea de Consejer\u00eda, Trabajo Social y Psicolog\u00eda.<\/p>\n<p><strong><span style=\"color: #993300\">Servicios de apoyo<\/span><\/strong> que se ofrecen en <strong><span style=\"color: #993300\"><a style=\"color: #993300\" href=\"https:\/\/estudiantes.uprrp.edu\/departamento-de-consejeria-para-el-desarrollo-estudiantil\/\">DCODE<\/a><\/span><\/strong> :<\/p>\n<ul>\n<li>Consejer\u00eda individual y grupal<\/li>\n<li>Psicoterapia individual y grupal<\/li>\n<li>Grupos de Apoyo<\/li>\n<li>Administraci\u00f3n e interpretaci\u00f3n de inventarios de intereses vocacionales<\/li>\n<li>Talleres sobre bienestar emocional y estrategias de \u00e9xito cad\u00e9micas<\/li>\n<li>Orientaci\u00f3n y consejer\u00eda de carreras<\/li>\n<li>Informaci\u00f3n de universidades y programas fuera de Puerto Rico<\/li>\n<li>Internados y ayudas econ\u00f3micas para estudiante en o fuera de Puerto Rico<\/li>\n<li>Orientaci\u00f3n sobre ex\u00e1menes de ingreso y ubicaci\u00f3n a programas graduados\u00a0 (EXADEP, TOEFL, GRE Y GMAT)<\/li>\n<li><a href=\"http:\/\/convidauprrp.wordpress.com\/\">Programa ConVida<\/a>\u00a0\u2013 Programa de Prevenci\u00f3n de Suicidio<a href=\"http:\/\/convidauprrp.wordpress.com\/\"><br \/>\n<\/a><\/li>\n<li><a href=\"https:\/\/estudiantes.uprrp.edu\/?page_id=138\">Programa de Estudiantes Orientadores<\/a><\/li>\n<\/ul>\n<p><strong><span style=\"color: #993300\">Manejo de una crisis<\/span><\/strong> que exceda tu capacidad de lidiar con la situaci\u00f3n o que represente un riesgo a tu seguridad personal o la de otros, debes pedir ayuda a:<\/p>\n<ul>\n<li>Si la crisis sucede entre las 8:00am y las 4:30pm, puedes hacer una cita llamando al 787 764-0000 ext. 80500, 86501 o visit\u00e1ndonos en el primer nivel del Edificio Carlota Matienzo.En caso de emergencia, tambi\u00e9n podr\u00edas utilizar la extensi\u00f3n de la Divisi\u00f3n de Seguridad y Manejo de Riesgos en la extensi\u00f3n 83131<\/li>\n<li>Si la crisis sucede fuera de horas laborables, para recirbir ayuda u orientaci\u00f3n puedes contactar:\n<ul>\n<li>Administraci\u00f3n de Servicios de Salud Mental y Contra la Adicci\u00f3n (<strong>ASSMCA)<\/strong>\u00a0\u2013 L\u00ednea PAS (Primera Ayuda Psicosocial): 1-800-981-0023.<\/li>\n<li><strong>Sistema 911<\/strong><\/li>\n<li><strong>Hospital Panamericano<\/strong>: \u00a01-800-981-1218<\/li>\n<li><strong>Sistema San Juan Capestrano<\/strong>: 1-888-967-4357<\/li>\n<\/ul>\n<\/li>\n<\/ul>\n<p>&nbsp;<\/p>\n<p>&nbsp;<\/p>\n<div class=\"pvc_clear\"><\/div>\n<p id=\"pvc_stats_71\" class=\"pvc_stats all  \" data-element-id=\"71\" style=\"\"><i class=\"pvc-stats-icon medium\" aria-hidden=\"true\"><svg aria-hidden=\"true\" focusable=\"false\" data-prefix=\"far\" data-icon=\"chart-bar\" role=\"img\" xmlns=\"http:\/\/www.w3.org\/2000\/svg\" viewBox=\"0 0 512 512\" class=\"svg-inline--fa fa-chart-bar fa-w-16 fa-2x\"><path fill=\"currentColor\" d=\"M396.8 352h22.4c6.4 0 12.8-6.4 12.8-12.8V108.8c0-6.4-6.4-12.8-12.8-12.8h-22.4c-6.4 0-12.8 6.4-12.8 12.8v230.4c0 6.4 6.4 12.8 12.8 12.8zm-192 0h22.4c6.4 0 12.8-6.4 12.8-12.8V140.8c0-6.4-6.4-12.8-12.8-12.8h-22.4c-6.4 0-12.8 6.4-12.8 12.8v198.4c0 6.4 6.4 12.8 12.8 12.8zm96 0h22.4c6.4 0 12.8-6.4 12.8-12.8V204.8c0-6.4-6.4-12.8-12.8-12.8h-22.4c-6.4 0-12.8 6.4-12.8 12.8v134.4c0 6.4 6.4 12.8 12.8 12.8zM496 400H48V80c0-8.84-7.16-16-16-16H16C7.16 64 0 71.16 0 80v336c0 17.67 14.33 32 32 32h464c8.84 0 16-7.16 16-16v-16c0-8.84-7.16-16-16-16zm-387.2-48h22.4c6.4 0 12.8-6.4 12.8-12.8v-70.4c0-6.4-6.4-12.8-12.8-12.8h-22.4c-6.4 0-12.8 6.4-12.8 12.8v70.4c0 6.4 6.4 12.8 12.8 12.8z\" class=\"\"><\/path><\/svg><\/i> <img loading=\"lazy\" decoding=\"async\" width=\"16\" height=\"16\" alt=\"Loading\" src=\"https:\/\/fae.uprrp.edu\/jobsinitiative\/wp-content\/plugins\/page-views-count\/ajax-loader-2x.gif\" border=0 \/><\/p>\n<div class=\"pvc_clear\"><\/div>\n","protected":false},"excerpt":{"rendered":"<p>Apoyo Emocional Cuando te enfrentes a situaciones dif\u00edciles que no est\u00e9s seguro c\u00f3mo manejarlas en la universidad, en tu hogar, en el trabajo o en cualquier otro lugar es importante buscar ayuda. Para estos fines, las universidades cuentan con profesionales de la conducta listos para brindarte apoyo para satisfacer tus necesidades de estudio, vocacionales, personales<\/p>\n<div class=\"read-more\"><a href=\"https:\/\/fae.uprrp.edu\/jobsinitiative\/apoyo-emocional\/\" title=\"Read More\">Read More<\/a><\/div>\n<div class=\"pvc_clear\"><\/div>\n<p id=\"pvc_stats_71\" class=\"pvc_stats all  \" data-element-id=\"71\" style=\"\"><i class=\"pvc-stats-icon medium\" aria-hidden=\"true\"><svg aria-hidden=\"true\" focusable=\"false\" data-prefix=\"far\" data-icon=\"chart-bar\" role=\"img\" xmlns=\"http:\/\/www.w3.org\/2000\/svg\" viewBox=\"0 0 512 512\" class=\"svg-inline--fa fa-chart-bar fa-w-16 fa-2x\"><path fill=\"currentColor\" d=\"M396.8 352h22.4c6.4 0 12.8-6.4 12.8-12.8V108.8c0-6.4-6.4-12.8-12.8-12.8h-22.4c-6.4 0-12.8 6.4-12.8 12.8v230.4c0 6.4 6.4 12.8 12.8 12.8zm-192 0h22.4c6.4 0 12.8-6.4 12.8-12.8V140.8c0-6.4-6.4-12.8-12.8-12.8h-22.4c-6.4 0-12.8 6.4-12.8 12.8v198.4c0 6.4 6.4 12.8 12.8 12.8zm96 0h22.4c6.4 0 12.8-6.4 12.8-12.8V204.8c0-6.4-6.4-12.8-12.8-12.8h-22.4c-6.4 0-12.8 6.4-12.8 12.8v134.4c0 6.4 6.4 12.8 12.8 12.8zM496 400H48V80c0-8.84-7.16-16-16-16H16C7.16 64 0 71.16 0 80v336c0 17.67 14.33 32 32 32h464c8.84 0 16-7.16 16-16v-16c0-8.84-7.16-16-16-16zm-387.2-48h22.4c6.4 0 12.8-6.4 12.8-12.8v-70.4c0-6.4-6.4-12.8-12.8-12.8h-22.4c-6.4 0-12.8 6.4-12.8 12.8v70.4c0 6.4 6.4 12.8 12.8 12.8z\" class=\"\"><\/path><\/svg><\/i> <img loading=\"lazy\" decoding=\"async\" width=\"16\" height=\"16\" alt=\"Loading\" src=\"https:\/\/fae.uprrp.edu\/jobsinitiative\/wp-content\/plugins\/page-views-count\/ajax-loader-2x.gif\" border=0 \/><\/p>\n<div class=\"pvc_clear\"><\/div>\n","protected":false},"author":19,"featured_media":0,"parent":0,"menu_order":0,"comment_status":"closed","ping_status":"closed","template":"","meta":{"_monsterinsights_skip_tracking":false,"_monsterinsights_sitenote_active":false,"_monsterinsights_sitenote_note":"","_monsterinsights_sitenote_category":0,"footnotes":""},"class_list":["post-71","page","type-page","status-publish"],"_links":{"self":[{"href":"https:\/\/fae.uprrp.edu\/jobsinitiative\/wp-json\/wp\/v2\/pages\/71","targetHints":{"allow":["GET"]}}],"collection":[{"href":"https:\/\/fae.uprrp.edu\/jobsinitiative\/wp-json\/wp\/v2\/pages"}],"about":[{"href":"https:\/\/fae.uprrp.edu\/jobsinitiative\/wp-json\/wp\/v2\/types\/page"}],"author":[{"embeddable":true,"href":"https:\/\/fae.uprrp.edu\/jobsinitiative\/wp-json\/wp\/v2\/users\/19"}],"replies":[{"embeddable":true,"href":"https:\/\/fae.uprrp.edu\/jobsinitiative\/wp-json\/wp\/v2\/comments?post=71"}],"version-history":[{"count":5,"href":"https:\/\/fae.uprrp.edu\/jobsinitiative\/wp-json\/wp\/v2\/pages\/71\/revisions"}],"predecessor-version":[{"id":209,"href":"https:\/\/fae.uprrp.edu\/jobsinitiative\/wp-json\/wp\/v2\/pages\/71\/revisions\/209"}],"wp:attachment":[{"href":"https:\/\/fae.uprrp.edu\/jobsinitiative\/wp-json\/wp\/v2\/media?parent=71"}],"curies":[{"name":"wp","href":"https:\/\/api.w.org\/{rel}","templated":true}]}}