{"id":10,"date":"2021-04-29T22:06:08","date_gmt":"2021-04-29T22:06:08","guid":{"rendered":"https:\/\/fae.uprrp.edu\/jobsinitiative\/?page_id=10"},"modified":"2025-04-04T15:00:43","modified_gmt":"2025-04-04T19:00:43","slug":"certificado-profesional","status":"publish","type":"page","link":"https:\/\/fae.uprrp.edu\/jobsinitiative\/certificado-profesional\/","title":{"rendered":"Convocatoria-Certificado Profesional"},"content":{"rendered":"<p><span style=\"color: #993300\"><em><strong>CONVOCATORIA &#8211; Certificaci\u00f3n Profesional\u00a0<\/strong><\/em><\/span><\/p>\n<p><strong>\u00bfQu\u00e9 es Bank of America Jobs Initiative? <\/strong><br \/>\nEs un programa de desarrollo profesional gratis dirigido a estudiantes en desventaja econ\u00f3mica que est\u00e9n en tercero o cuarto a\u00f1o de bachillerato en la UPR. El programa tiene como objetivo ofrecerle la capacitacio\u0301n necesaria para conseguir empleo en Puerto Rico a estudiantes que se han visto afectadas por la crisis econ\u00f3mica del pa\u00eds.<\/p>\n<p><strong>\u00bfQu\u00e9 ofrece?<\/strong><br \/>\nEl programa ofrece una serie de <span style=\"color: #993300\"><a style=\"color: #993300\" href=\"https:\/\/fae.uprrp.edu\/jobsinitiative\/talleres-del-certificado-profesional\/\"><span style=\"color: #ff0000\">6 talleres<\/span><\/a> <\/span>presenciales o virtuales libre de costo, conducentes a una Certificaci\u00f3n Profesional para estudiantes de Bachillerato. Los talleres trabajar\u00e1n los temas de: Emprendimiento, Negociaci\u00f3n, Liderazgo, Destrezas en tecnolog\u00edas, Principios de la Gerencia de Proyecto y Finanzas personales. Dicha certificaci\u00f3n se ofrecer\u00e1 tanto durante los semestres acad\u00e9micos (6 viernes corridos).<\/p>\n<p><strong>IMPORTANTE:<\/strong> <strong>Al completar la certificaci\u00f3n, te ayudaremos con tu resume y a identificar oportunidades de internados y empleo.<\/strong><\/p>\n<p><strong>Requisitos:<\/strong><br \/>\nAquellos estudiantes que est\u00e9n interesados en adquirir dicha certificaci\u00f3n deben:<\/p>\n<ul>\n<li style=\"list-style-type: none\">\n<ul>\n<li>Asistir a los 6 talleres presenciales todo el d\u00eda (8:30 am a 4:00 pm) seis (6) viernes consecutivos o asistir a los 6 talleres en l\u00ednea todo el d\u00eda (8:30 am a 4:00 pm) seis (6) viernes consecutivos con c\u00e1mara encendida durante el semestre.<\/li>\n<li>Completar la solicitud: <strong><a href=\"https:\/\/forms.gle\/UZuiqCTsASybbWAX9\">https:\/\/forms.gle\/UZuiqCTsASybbWAX9 <\/a><\/strong><\/li>\n<\/ul>\n<\/li>\n<\/ul>\n<h3 style=\"padding-left: 120px\"><span style=\"color: #993300\"><strong>Fecha l\u00edmite martes, 1 de octubre de 2024<\/strong><strong>.<\/strong><\/span><\/h3>\n<ul>\n<li style=\"list-style-type: none\">\n<ul>\n<li>Ser estudiante de segundo a\u00f1o o m\u00e1s de bachillerato del sistema UPR.<\/li>\n<li>Contar con un promedio general de 2.75 o m\u00e1s<\/li>\n<li>Someter copia de estudiante de la Transcripci\u00f3n de Cr\u00e9ditos o Certificado de elegibilidad firmado por el Decano Auxiliar o el Coordinador de Asuntos Estudiantiles de su facultad\/escuela\/recinto.<\/li>\n<li>Someter evidencia de necesidad econ\u00f3mica: <a href=\"https:\/\/fae.uprrp.edu\/jobsinitiative\/wp-content\/uploads\/sites\/22\/2022\/04\/Como-conseguir-el-EFC-y-la-Transcripcion.docx\">EFC<\/a> (<a href=\"https:\/\/fae.uprrp.edu\/jobsinitiative\/wp-content\/uploads\/sites\/22\/2022\/04\/Como-conseguir-el-EFC-y-la-Transcripcion.docx\">Expected Family Contribution<\/a>)\u00a0 \u00a0 \u00a0 \u00a0 de la Beca Pell (parcial o completa).<\/li>\n<li>Incluir ensayo de 500 palabras donde exprese por qu\u00e9 desea completar esta certificaci\u00f3n y c\u00f3mo espera que lo ayude a desarrollarse profesionalmente.<\/li>\n<\/ul>\n<\/li>\n<\/ul>\n<p>De tener dudas puedes comunicarte con la Coordinadora al correo <span style=\"color: #ff0000\">arleen.hernandez1@upr.edu .<\/span><\/p>\n<div class=\"pvc_clear\"><\/div>\n<p id=\"pvc_stats_10\" class=\"pvc_stats all  \" data-element-id=\"10\" style=\"\"><i class=\"pvc-stats-icon medium\" aria-hidden=\"true\"><svg aria-hidden=\"true\" focusable=\"false\" data-prefix=\"far\" data-icon=\"chart-bar\" role=\"img\" xmlns=\"http:\/\/www.w3.org\/2000\/svg\" viewBox=\"0 0 512 512\" class=\"svg-inline--fa fa-chart-bar fa-w-16 fa-2x\"><path fill=\"currentColor\" d=\"M396.8 352h22.4c6.4 0 12.8-6.4 12.8-12.8V108.8c0-6.4-6.4-12.8-12.8-12.8h-22.4c-6.4 0-12.8 6.4-12.8 12.8v230.4c0 6.4 6.4 12.8 12.8 12.8zm-192 0h22.4c6.4 0 12.8-6.4 12.8-12.8V140.8c0-6.4-6.4-12.8-12.8-12.8h-22.4c-6.4 0-12.8 6.4-12.8 12.8v198.4c0 6.4 6.4 12.8 12.8 12.8zm96 0h22.4c6.4 0 12.8-6.4 12.8-12.8V204.8c0-6.4-6.4-12.8-12.8-12.8h-22.4c-6.4 0-12.8 6.4-12.8 12.8v134.4c0 6.4 6.4 12.8 12.8 12.8zM496 400H48V80c0-8.84-7.16-16-16-16H16C7.16 64 0 71.16 0 80v336c0 17.67 14.33 32 32 32h464c8.84 0 16-7.16 16-16v-16c0-8.84-7.16-16-16-16zm-387.2-48h22.4c6.4 0 12.8-6.4 12.8-12.8v-70.4c0-6.4-6.4-12.8-12.8-12.8h-22.4c-6.4 0-12.8 6.4-12.8 12.8v70.4c0 6.4 6.4 12.8 12.8 12.8z\" class=\"\"><\/path><\/svg><\/i> <img loading=\"lazy\" decoding=\"async\" width=\"16\" height=\"16\" alt=\"Loading\" src=\"https:\/\/fae.uprrp.edu\/jobsinitiative\/wp-content\/plugins\/page-views-count\/ajax-loader-2x.gif\" border=0 \/><\/p>\n<div class=\"pvc_clear\"><\/div>\n","protected":false},"excerpt":{"rendered":"<p>CONVOCATORIA &#8211; Certificaci\u00f3n Profesional\u00a0 \u00bfQu\u00e9 es Bank of America Jobs Initiative? Es un programa de desarrollo profesional gratis dirigido a estudiantes en desventaja econ\u00f3mica que est\u00e9n en tercero o cuarto a\u00f1o de bachillerato en la UPR. El programa tiene como objetivo ofrecerle la capacitacio\u0301n necesaria para conseguir empleo en Puerto Rico a estudiantes que se<\/p>\n<div class=\"read-more\"><a href=\"https:\/\/fae.uprrp.edu\/jobsinitiative\/certificado-profesional\/\" title=\"Read More\">Read More<\/a><\/div>\n<div class=\"pvc_clear\"><\/div>\n<p id=\"pvc_stats_10\" class=\"pvc_stats all  \" data-element-id=\"10\" style=\"\"><i class=\"pvc-stats-icon medium\" aria-hidden=\"true\"><svg aria-hidden=\"true\" focusable=\"false\" data-prefix=\"far\" data-icon=\"chart-bar\" role=\"img\" xmlns=\"http:\/\/www.w3.org\/2000\/svg\" viewBox=\"0 0 512 512\" class=\"svg-inline--fa fa-chart-bar fa-w-16 fa-2x\"><path fill=\"currentColor\" d=\"M396.8 352h22.4c6.4 0 12.8-6.4 12.8-12.8V108.8c0-6.4-6.4-12.8-12.8-12.8h-22.4c-6.4 0-12.8 6.4-12.8 12.8v230.4c0 6.4 6.4 12.8 12.8 12.8zm-192 0h22.4c6.4 0 12.8-6.4 12.8-12.8V140.8c0-6.4-6.4-12.8-12.8-12.8h-22.4c-6.4 0-12.8 6.4-12.8 12.8v198.4c0 6.4 6.4 12.8 12.8 12.8zm96 0h22.4c6.4 0 12.8-6.4 12.8-12.8V204.8c0-6.4-6.4-12.8-12.8-12.8h-22.4c-6.4 0-12.8 6.4-12.8 12.8v134.4c0 6.4 6.4 12.8 12.8 12.8zM496 400H48V80c0-8.84-7.16-16-16-16H16C7.16 64 0 71.16 0 80v336c0 17.67 14.33 32 32 32h464c8.84 0 16-7.16 16-16v-16c0-8.84-7.16-16-16-16zm-387.2-48h22.4c6.4 0 12.8-6.4 12.8-12.8v-70.4c0-6.4-6.4-12.8-12.8-12.8h-22.4c-6.4 0-12.8 6.4-12.8 12.8v70.4c0 6.4 6.4 12.8 12.8 12.8z\" class=\"\"><\/path><\/svg><\/i> <img loading=\"lazy\" decoding=\"async\" width=\"16\" height=\"16\" alt=\"Loading\" src=\"https:\/\/fae.uprrp.edu\/jobsinitiative\/wp-content\/plugins\/page-views-count\/ajax-loader-2x.gif\" border=0 \/><\/p>\n<div class=\"pvc_clear\"><\/div>\n","protected":false},"author":19,"featured_media":0,"parent":0,"menu_order":0,"comment_status":"closed","ping_status":"closed","template":"","meta":{"_monsterinsights_skip_tracking":false,"_monsterinsights_sitenote_active":false,"_monsterinsights_sitenote_note":"","_monsterinsights_sitenote_category":0,"footnotes":""},"class_list":["post-10","page","type-page","status-publish"],"_links":{"self":[{"href":"https:\/\/fae.uprrp.edu\/jobsinitiative\/wp-json\/wp\/v2\/pages\/10","targetHints":{"allow":["GET"]}}],"collection":[{"href":"https:\/\/fae.uprrp.edu\/jobsinitiative\/wp-json\/wp\/v2\/pages"}],"about":[{"href":"https:\/\/fae.uprrp.edu\/jobsinitiative\/wp-json\/wp\/v2\/types\/page"}],"author":[{"embeddable":true,"href":"https:\/\/fae.uprrp.edu\/jobsinitiative\/wp-json\/wp\/v2\/users\/19"}],"replies":[{"embeddable":true,"href":"https:\/\/fae.uprrp.edu\/jobsinitiative\/wp-json\/wp\/v2\/comments?post=10"}],"version-history":[{"count":59,"href":"https:\/\/fae.uprrp.edu\/jobsinitiative\/wp-json\/wp\/v2\/pages\/10\/revisions"}],"predecessor-version":[{"id":824,"href":"https:\/\/fae.uprrp.edu\/jobsinitiative\/wp-json\/wp\/v2\/pages\/10\/revisions\/824"}],"wp:attachment":[{"href":"https:\/\/fae.uprrp.edu\/jobsinitiative\/wp-json\/wp\/v2\/media?parent=10"}],"curies":[{"name":"wp","href":"https:\/\/api.w.org\/{rel}","templated":true}]}}