{"id":279,"date":"2018-09-26T12:11:26","date_gmt":"2018-09-26T16:11:26","guid":{"rendered":"http:\/\/fae.uprrp.edu\/gerenciadeoficina\/?page_id=279"},"modified":"2018-09-26T12:22:17","modified_gmt":"2018-09-26T16:22:17","slug":"ceremonia-de-iniciacion-y-juramentacion-de-la-directiva-2017-2018","status":"publish","type":"page","link":"https:\/\/fae.uprrp.edu\/gerenciadeoficina\/inicio\/ceremonia-de-iniciacion-y-juramentacion-de-la-directiva-2017-2018\/","title":{"rendered":"Ceremonia de Iniciaci\u00f3n y Juramentaci\u00f3n de la Directiva 2017-2018"},"content":{"rendered":"<div class=\"entry clearfix\">\n<p class=\"m_5872654732307727854gmail-MsoNormalCxSpMiddle\"><span lang=\"ES-PR\">El viernes 1 de diciembre de 2017 se llevaron a cabo los actos de iniciaci\u00f3n y juramentaci\u00f3n de la directiva 2017-2018 de Business Professionals of America, cap\u00edtulo del recinto de R\u00edo Piedras.\u00a0 La consejera de la directiva es la Dra. Juanita Rodr\u00edguez.<\/span><\/p>\n<p class=\"m_5872654732307727854gmail-MsoNormalCxSpMiddle\">Los nuevos miembros de la directiva son:<\/p>\n<table class=\"m_5872654732307727854gmail-MsoTableGrid\" border=\"1\" cellspacing=\"0\" cellpadding=\"0\">\n<tbody>\n<tr>\n<td valign=\"top\" width=\"312\">\n<p class=\"m_5872654732307727854gmail-MsoNormalCxSpMiddle\"><span lang=\"ES-PR\">Presidente<\/span><\/p>\n<\/td>\n<td valign=\"top\" width=\"312\">\n<p class=\"m_5872654732307727854gmail-MsoNormalCxSpMiddle\"><span lang=\"ES-PR\">Joel A. Rodr\u00edguez<\/span><\/p>\n<\/td>\n<\/tr>\n<tr>\n<td valign=\"top\" width=\"312\">\n<p class=\"m_5872654732307727854gmail-MsoNormalCxSpMiddle\"><span lang=\"ES-PR\">Vicepresidente<\/span><\/p>\n<\/td>\n<td valign=\"top\" width=\"312\">\n<p class=\"m_5872654732307727854gmail-MsoNormalCxSpMiddle\"><span lang=\"ES-PR\">Josmalie Rodr\u00edguez<\/span><\/p>\n<\/td>\n<\/tr>\n<tr>\n<td valign=\"top\" width=\"312\">\n<p class=\"m_5872654732307727854gmail-MsoNormalCxSpMiddle\"><span lang=\"ES-PR\">Asistente Administrativo<\/span><\/p>\n<\/td>\n<td valign=\"top\" width=\"312\">\n<p class=\"m_5872654732307727854gmail-MsoNormalCxSpMiddle\"><span lang=\"ES-PR\">Litanizmary Pizarro<\/span><\/p>\n<\/td>\n<\/tr>\n<tr>\n<td valign=\"top\" width=\"312\">\n<p class=\"m_5872654732307727854gmail-MsoNormalCxSpMiddle\"><span lang=\"ES-PR\">Tesorero<\/span><\/p>\n<\/td>\n<td valign=\"top\" width=\"312\">\n<p class=\"m_5872654732307727854gmail-MsoNormalCxSpMiddle\"><span lang=\"ES-PR\">Andrea N. D\u00edaz<\/span><\/p>\n<\/td>\n<\/tr>\n<tr>\n<td valign=\"top\" width=\"312\">\n<p class=\"m_5872654732307727854gmail-MsoNormalCxSpMiddle\"><span lang=\"ES-PR\">Relacionista P\u00fablico<\/span><\/p>\n<\/td>\n<td valign=\"top\" width=\"312\">\n<p class=\"m_5872654732307727854gmail-MsoNormalCxSpMiddle\"><span lang=\"ES-PR\">Loriana Nieves<\/span><\/p>\n<\/td>\n<\/tr>\n<tr>\n<td valign=\"top\" width=\"312\">\n<p class=\"m_5872654732307727854gmail-MsoNormalCxSpMiddle\"><span lang=\"ES-PR\">Parlamentarista<\/span><\/p>\n<\/td>\n<td valign=\"top\" width=\"312\">\n<p class=\"m_5872654732307727854gmail-MsoNormalCxSpMiddle\"><span lang=\"ES-PR\">Nicole M. Roig<\/span><\/p>\n<\/td>\n<\/tr>\n<tr>\n<td valign=\"top\" width=\"312\">\n<p class=\"m_5872654732307727854gmail-MsoNormalCxSpMiddle\"><span lang=\"ES-PR\">Historiador<\/span><\/p>\n<\/td>\n<td valign=\"top\" width=\"312\">\n<p class=\"m_5872654732307727854gmail-MsoNormalCxSpMiddle\"><span lang=\"ES-PR\">Stephanie L. Ortiz<\/span><\/p>\n<\/td>\n<\/tr>\n<tr>\n<td valign=\"top\" width=\"312\">\n<p class=\"m_5872654732307727854gmail-MsoNormalCxSpMiddle\"><span lang=\"ES-PR\">Vocales<\/span><\/p>\n<\/td>\n<td valign=\"top\" width=\"312\">\n<p class=\"m_5872654732307727854gmail-MsoNormalCxSpMiddle\"><span lang=\"ES-PR\">Rafael A. L\u00f3pez y Gineska J. Mendoza<\/span><\/p>\n<\/td>\n<\/tr>\n<tr>\n<td valign=\"top\" width=\"312\">\n<p class=\"m_5872654732307727854gmail-MsoNormalCxSpMiddle\"><span lang=\"ES-PR\">Asesores<\/span><\/p>\n<\/td>\n<td valign=\"top\" width=\"312\">\n<p class=\"m_5872654732307727854gmail-MsoNormalCxSpMiddle\"><span lang=\"ES-PR\">Harold Viera<\/span><\/p>\n<p class=\"m_5872654732307727854gmail-MsoNormalCxSpMiddle\"><span lang=\"ES-PR\">Crist\u00f3bal Resto<\/span><\/p>\n<p class=\"m_5872654732307727854gmail-MsoNormalCxSpMiddle\"><span lang=\"ES-PR\">Rony D. Santana<\/span><\/p>\n<\/td>\n<\/tr>\n<\/tbody>\n<\/table>\n<\/div>\n<p><a href=\"http:\/\/fae.uprrp.edu\/gerenciadeoficina\/wp-content\/uploads\/sites\/14\/2018\/09\/05-de-5.jpg\"><img loading=\"lazy\" decoding=\"async\" class=\"alignleft size-thumbnail wp-image-286\" src=\"http:\/\/fae.uprrp.edu\/gerenciadeoficina\/wp-content\/uploads\/sites\/14\/2018\/09\/05-de-5-150x150.jpg\" alt=\"05 de 5\" width=\"150\" height=\"150\" \/><\/a> <a href=\"http:\/\/fae.uprrp.edu\/gerenciadeoficina\/wp-content\/uploads\/sites\/14\/2018\/09\/04-de-5.jpg\"><img loading=\"lazy\" decoding=\"async\" class=\"alignleft size-thumbnail wp-image-285\" src=\"http:\/\/fae.uprrp.edu\/gerenciadeoficina\/wp-content\/uploads\/sites\/14\/2018\/09\/04-de-5-150x150.jpg\" alt=\"04 de 5\" width=\"150\" height=\"150\" \/><\/a> <img loading=\"lazy\" decoding=\"async\" class=\"alignleft size-thumbnail wp-image-282\" src=\"http:\/\/fae.uprrp.edu\/gerenciadeoficina\/wp-content\/uploads\/sites\/14\/2018\/09\/01-de-5-150x150.jpg\" alt=\"01 de 5\" width=\"150\" height=\"150\" \/><a href=\"http:\/\/fae.uprrp.edu\/gerenciadeoficina\/wp-content\/uploads\/sites\/14\/2018\/09\/02-de-5.jpg\"><img loading=\"lazy\" decoding=\"async\" class=\"alignleft size-thumbnail wp-image-283\" src=\"http:\/\/fae.uprrp.edu\/gerenciadeoficina\/wp-content\/uploads\/sites\/14\/2018\/09\/02-de-5-150x150.jpg\" alt=\"02 de 5\" width=\"150\" height=\"150\" \/><\/a><a href=\"http:\/\/fae.uprrp.edu\/gerenciadeoficina\/wp-content\/uploads\/sites\/14\/2018\/09\/03-de-5.jpg\"><img loading=\"lazy\" decoding=\"async\" class=\"alignleft size-thumbnail wp-image-284\" src=\"http:\/\/fae.uprrp.edu\/gerenciadeoficina\/wp-content\/uploads\/sites\/14\/2018\/09\/03-de-5-150x150.jpg\" alt=\"03 de 5\" width=\"150\" height=\"150\" \/><\/a><\/p>\n<div class=\"pvc_clear\"><\/div>\n<p id=\"pvc_stats_279\" class=\"pvc_stats all  \" data-element-id=\"279\" style=\"\"><i class=\"pvc-stats-icon medium\" aria-hidden=\"true\"><svg aria-hidden=\"true\" focusable=\"false\" data-prefix=\"far\" data-icon=\"chart-bar\" role=\"img\" xmlns=\"http:\/\/www.w3.org\/2000\/svg\" viewBox=\"0 0 512 512\" class=\"svg-inline--fa fa-chart-bar fa-w-16 fa-2x\"><path fill=\"currentColor\" d=\"M396.8 352h22.4c6.4 0 12.8-6.4 12.8-12.8V108.8c0-6.4-6.4-12.8-12.8-12.8h-22.4c-6.4 0-12.8 6.4-12.8 12.8v230.4c0 6.4 6.4 12.8 12.8 12.8zm-192 0h22.4c6.4 0 12.8-6.4 12.8-12.8V140.8c0-6.4-6.4-12.8-12.8-12.8h-22.4c-6.4 0-12.8 6.4-12.8 12.8v198.4c0 6.4 6.4 12.8 12.8 12.8zm96 0h22.4c6.4 0 12.8-6.4 12.8-12.8V204.8c0-6.4-6.4-12.8-12.8-12.8h-22.4c-6.4 0-12.8 6.4-12.8 12.8v134.4c0 6.4 6.4 12.8 12.8 12.8zM496 400H48V80c0-8.84-7.16-16-16-16H16C7.16 64 0 71.16 0 80v336c0 17.67 14.33 32 32 32h464c8.84 0 16-7.16 16-16v-16c0-8.84-7.16-16-16-16zm-387.2-48h22.4c6.4 0 12.8-6.4 12.8-12.8v-70.4c0-6.4-6.4-12.8-12.8-12.8h-22.4c-6.4 0-12.8 6.4-12.8 12.8v70.4c0 6.4 6.4 12.8 12.8 12.8z\" class=\"\"><\/path><\/svg><\/i> <img loading=\"lazy\" decoding=\"async\" width=\"16\" height=\"16\" alt=\"Loading\" src=\"https:\/\/fae.uprrp.edu\/gerenciadeoficina\/wp-content\/plugins\/page-views-count\/ajax-loader-2x.gif\" border=0 \/><\/p>\n<div class=\"pvc_clear\"><\/div>\n","protected":false},"excerpt":{"rendered":"<p>El viernes 1 de diciembre de 2017 se llevaron a cabo los actos de iniciaci\u00f3n y juramentaci\u00f3n de la directiva 2017-2018 de Business Professionals of America, cap\u00edtulo del recinto de R\u00edo Piedras.\u00a0 La consejera de la directiva es la Dra. Juanita Rodr\u00edguez. Los nuevos miembros de la directiva son: Presidente Joel A. Rodr\u00edguez Vicepresidente Josmalie<\/p>\n<div class=\"read-more\"><a href=\"https:\/\/fae.uprrp.edu\/gerenciadeoficina\/inicio\/ceremonia-de-iniciacion-y-juramentacion-de-la-directiva-2017-2018\/\" title=\"Read More\">Read More<\/a><\/div>\n<div class=\"pvc_clear\"><\/div>\n<p id=\"pvc_stats_279\" class=\"pvc_stats all  \" data-element-id=\"279\" style=\"\"><i class=\"pvc-stats-icon medium\" aria-hidden=\"true\"><svg aria-hidden=\"true\" focusable=\"false\" data-prefix=\"far\" data-icon=\"chart-bar\" role=\"img\" xmlns=\"http:\/\/www.w3.org\/2000\/svg\" viewBox=\"0 0 512 512\" class=\"svg-inline--fa fa-chart-bar fa-w-16 fa-2x\"><path fill=\"currentColor\" d=\"M396.8 352h22.4c6.4 0 12.8-6.4 12.8-12.8V108.8c0-6.4-6.4-12.8-12.8-12.8h-22.4c-6.4 0-12.8 6.4-12.8 12.8v230.4c0 6.4 6.4 12.8 12.8 12.8zm-192 0h22.4c6.4 0 12.8-6.4 12.8-12.8V140.8c0-6.4-6.4-12.8-12.8-12.8h-22.4c-6.4 0-12.8 6.4-12.8 12.8v198.4c0 6.4 6.4 12.8 12.8 12.8zm96 0h22.4c6.4 0 12.8-6.4 12.8-12.8V204.8c0-6.4-6.4-12.8-12.8-12.8h-22.4c-6.4 0-12.8 6.4-12.8 12.8v134.4c0 6.4 6.4 12.8 12.8 12.8zM496 400H48V80c0-8.84-7.16-16-16-16H16C7.16 64 0 71.16 0 80v336c0 17.67 14.33 32 32 32h464c8.84 0 16-7.16 16-16v-16c0-8.84-7.16-16-16-16zm-387.2-48h22.4c6.4 0 12.8-6.4 12.8-12.8v-70.4c0-6.4-6.4-12.8-12.8-12.8h-22.4c-6.4 0-12.8 6.4-12.8 12.8v70.4c0 6.4 6.4 12.8 12.8 12.8z\" class=\"\"><\/path><\/svg><\/i> <img loading=\"lazy\" decoding=\"async\" width=\"16\" height=\"16\" alt=\"Loading\" src=\"https:\/\/fae.uprrp.edu\/gerenciadeoficina\/wp-content\/plugins\/page-views-count\/ajax-loader-2x.gif\" border=0 \/><\/p>\n<div class=\"pvc_clear\"><\/div>\n","protected":false},"author":3,"featured_media":0,"parent":6,"menu_order":3,"comment_status":"closed","ping_status":"closed","template":"","meta":{"_monsterinsights_skip_tracking":false,"_monsterinsights_sitenote_active":false,"_monsterinsights_sitenote_note":"","_monsterinsights_sitenote_category":0,"footnotes":""},"class_list":["post-279","page","type-page","status-publish"],"_links":{"self":[{"href":"https:\/\/fae.uprrp.edu\/gerenciadeoficina\/wp-json\/wp\/v2\/pages\/279","targetHints":{"allow":["GET"]}}],"collection":[{"href":"https:\/\/fae.uprrp.edu\/gerenciadeoficina\/wp-json\/wp\/v2\/pages"}],"about":[{"href":"https:\/\/fae.uprrp.edu\/gerenciadeoficina\/wp-json\/wp\/v2\/types\/page"}],"author":[{"embeddable":true,"href":"https:\/\/fae.uprrp.edu\/gerenciadeoficina\/wp-json\/wp\/v2\/users\/3"}],"replies":[{"embeddable":true,"href":"https:\/\/fae.uprrp.edu\/gerenciadeoficina\/wp-json\/wp\/v2\/comments?post=279"}],"version-history":[{"count":3,"href":"https:\/\/fae.uprrp.edu\/gerenciadeoficina\/wp-json\/wp\/v2\/pages\/279\/revisions"}],"predecessor-version":[{"id":288,"href":"https:\/\/fae.uprrp.edu\/gerenciadeoficina\/wp-json\/wp\/v2\/pages\/279\/revisions\/288"}],"up":[{"embeddable":true,"href":"https:\/\/fae.uprrp.edu\/gerenciadeoficina\/wp-json\/wp\/v2\/pages\/6"}],"wp:attachment":[{"href":"https:\/\/fae.uprrp.edu\/gerenciadeoficina\/wp-json\/wp\/v2\/media?parent=279"}],"curies":[{"name":"wp","href":"https:\/\/api.w.org\/{rel}","templated":true}]}}