{"id":269,"date":"2018-09-24T14:24:30","date_gmt":"2018-09-24T18:24:30","guid":{"rendered":"http:\/\/fae.uprrp.edu\/gerenciadeoficina\/?page_id=269"},"modified":"2024-09-18T10:59:16","modified_gmt":"2024-09-18T14:59:16","slug":"junta-consultiva-externa-al-programa","status":"publish","type":"page","link":"https:\/\/fae.uprrp.edu\/gerenciadeoficina\/inicio\/junta-consultiva-externa-al-programa\/","title":{"rendered":"Junta Consultiva Externa al Programa"},"content":{"rendered":"<p><span lang=\"ES-PR\">C<\/span>ontamos con la\u00a0<span lang=\"ES-PR\">asesor\u00eda y\u00a0<\/span>colaboraci\u00f3n de una Junta Consultiva Externa compuesta por profesionales<span lang=\"ES-PR\">:\u00a0 reclutadores, expertos en Recursos Humanos y<\/span><span lang=\"ES-PR\">\u00a0<\/span>egresados de<span lang=\"ES-PR\">stacados<\/span>.<\/p>\n<p><span lang=\"ES-PR\">Regularmente l<\/span>a Junta se re\u00fane\u00a0<span lang=\"ES-PR\">de forma presencial cada dos a\u00f1os para atender los cambios m\u00e1s significativos del programa<\/span>.<span lang=\"ES-PR\">\u00a0 Sin embargo, el impacto del Hurac\u00e1n Mar\u00eda a finales de 2017 no permiti\u00f3 que se efectuara la reuni\u00f3n programada para 2018.\u00a0 Luego, la situaci\u00f3n mundial que surge con la pandemia en 2019 tambi\u00e9n afect\u00f3 la continuidad de las reuniones, pero el 13 de mayo de 2022 la Junta Consultiva se re\u00fane personalmente para reestablecer su valiosa aportaci\u00f3n al programa.<\/span><\/p>\n<p><strong>\u00a0<\/strong><strong>Funciones de la Junta Consultiva<\/strong><\/p>\n<ol>\n<li>Asesorar al Departamento de Gerencia de\u00a0Oficina con relaci\u00f3n a su misi\u00f3n, visi\u00f3n,\u00a0<span lang=\"ES-PR\">perfil del egresado,\u00a0<\/span>metas, objetivos, curr\u00edculo, proyecci\u00f3n futura y otros asuntos que GEOF\u00a0solicite de sus miembros.<\/li>\n<li>\u00a0Proveer insumo sobre las tendencias que impactan las organizaciones y a los puestos relacionados con la gerencia administrativa.<\/li>\n<li>Servir de enlace y v\u00ednculo con la comunidad empresarial.<\/li>\n<li>Recomendar estrategias que ayuden a establecer alianzas con agencias p\u00fablicas o privadas y que fomenten el desarrollo del gerente administrativo.<\/li>\n<li>Participar como recurso en actividades acad\u00e9micas a petici\u00f3n de GEOF\u00a0o por iniciativa propia del miembro de la Junta.<\/li>\n<li>Recomendar y asesorar al Departamento sobre alternativas que conduzcan al mejoramiento continuo de su programa de estudios.<\/li>\n<\/ol>\n<p><strong>Reuni\u00f3n de la Junta Consultiva Externa, 13 de mayo de 2022<\/strong><\/p>\n<p>El viernes 13 de mayo de 2022, la facultad del Programa de Gerencia de Oficina de la Facultad de Administraci\u00f3n de Empresas se reuni\u00f3 con los miembros de su Junta Consultiva.\u00a0\u00a0 La Junta Consultiva tiene el pro\u00adp\u00f3sito de aseso\u00adrar a la facultad del Programa de Gerencia de Oficina sobre los asun\u00adt\u00ados que impactan al programa, tales como:\u00a0 la misi\u00f3n, visi\u00f3n, objetivos y valores; as\u00ed como el desarrollo curricular y los cambios a la oferta aca\u00add\u00e9mica. \u00a0La Junta Con\u00adsul\u00adtiva promueve que el personal docente del programa tenga una perspectiva m\u00e1s amplia y jus\u00adtificada para tomar decisiones asertivas en beneficio del programa.<\/p>\n<p>El Dr. Rafael Marrero D\u00edaz, decano interino de la Facultad de Administraci\u00f3n de Empresas, dio la bienvenida a los miembros de la Junta y agradeci\u00f3 la aportaci\u00f3n que hacen en pro de nuestros estudiantes. \u00a0En la reuni\u00f3n, la Dra. Maribel Huertas Aponte, directora del Programa de Gerencia de Oficina, recibi\u00f3 con mucho agrado a los miembros de la Junta luego de que en el 2018 no se pudiese efectuar la reuni\u00f3n que estaba agendada a cada dos a\u00f1os, por motivo de los desastres naturales en el pa\u00eds y la pandemia.<\/p>\n<p>La Junta Consul\u00adtiva del Programa de Gerencia de Oficina la componen \u00a0\u00a0Eduardo Rodr\u00edguez, presidente de Human Capital Consulting Group., Gabriela Santiago Castro, coordinadora de proyectos de Talent Acquisition Our People del Banco Popular de Puerto Rico, Deborah Romero Romero, estu\u00addiante activa del Programa de Gerencia de Oficina.\u00a0 Igualmente, la Junta Con\u00adsultiva la componen los siguientes egresados destacados:\u00a0 Cynthia Encarnaci\u00f3n, especialista en Recursos Humanos de Eli Lilly del Caribe, el Dr. Francisco Mata, especialista en Educaci\u00f3n y Desarrollo Profesional de la oficina del Contralor de Puerto Rico, la licenciada Ciara San Miguel y el Dr. Josu\u00e9 Hern\u00e1ndez \u00c1lvarez, direc\u00adtor ejecutivo de la DECEP de la Universidad de Puerto Rico, Recinto de R\u00edo Piedras.<\/p>\n<p><img loading=\"lazy\" decoding=\"async\" class=\"alignnone size-medium wp-image-659\" src=\"https:\/\/fae.uprrp.edu\/gerenciadeoficina\/wp-content\/uploads\/sites\/14\/2022\/05\/JCE-13-de-mayo-20222-300x237.jpg\" alt=\"\" width=\"300\" height=\"237\" srcset=\"https:\/\/fae.uprrp.edu\/gerenciadeoficina\/wp-content\/uploads\/sites\/14\/2022\/05\/JCE-13-de-mayo-20222-300x237.jpg 300w, https:\/\/fae.uprrp.edu\/gerenciadeoficina\/wp-content\/uploads\/sites\/14\/2022\/05\/JCE-13-de-mayo-20222.jpg 594w\" sizes=\"auto, (max-width: 300px) 100vw, 300px\" \/> <img loading=\"lazy\" decoding=\"async\" class=\"alignnone wp-image-660\" src=\"https:\/\/fae.uprrp.edu\/gerenciadeoficina\/wp-content\/uploads\/sites\/14\/2022\/05\/JCE-13-de-mayo-20223-300x225.jpg\" alt=\"\" width=\"314\" height=\"236\" srcset=\"https:\/\/fae.uprrp.edu\/gerenciadeoficina\/wp-content\/uploads\/sites\/14\/2022\/05\/JCE-13-de-mayo-20223-300x225.jpg 300w, https:\/\/fae.uprrp.edu\/gerenciadeoficina\/wp-content\/uploads\/sites\/14\/2022\/05\/JCE-13-de-mayo-20223.jpg 646w\" sizes=\"auto, (max-width: 314px) 100vw, 314px\" \/> <img loading=\"lazy\" decoding=\"async\" class=\"alignnone size-medium wp-image-661\" src=\"https:\/\/fae.uprrp.edu\/gerenciadeoficina\/wp-content\/uploads\/sites\/14\/2022\/05\/JCE-13-de-mayo-20224-300x225.jpg\" alt=\"\" width=\"300\" height=\"225\" srcset=\"https:\/\/fae.uprrp.edu\/gerenciadeoficina\/wp-content\/uploads\/sites\/14\/2022\/05\/JCE-13-de-mayo-20224-300x225.jpg 300w, https:\/\/fae.uprrp.edu\/gerenciadeoficina\/wp-content\/uploads\/sites\/14\/2022\/05\/JCE-13-de-mayo-20224.jpg 616w\" sizes=\"auto, (max-width: 300px) 100vw, 300px\" \/> <img loading=\"lazy\" decoding=\"async\" class=\"alignnone wp-image-662\" src=\"https:\/\/fae.uprrp.edu\/gerenciadeoficina\/wp-content\/uploads\/sites\/14\/2022\/05\/JCE-13-de-mayo-20225-300x227.jpg\" alt=\"\" width=\"296\" height=\"224\" srcset=\"https:\/\/fae.uprrp.edu\/gerenciadeoficina\/wp-content\/uploads\/sites\/14\/2022\/05\/JCE-13-de-mayo-20225-300x227.jpg 300w, https:\/\/fae.uprrp.edu\/gerenciadeoficina\/wp-content\/uploads\/sites\/14\/2022\/05\/JCE-13-de-mayo-20225.jpg 619w\" sizes=\"auto, (max-width: 296px) 100vw, 296px\" \/> <img loading=\"lazy\" decoding=\"async\" class=\"alignnone size-medium wp-image-663\" src=\"https:\/\/fae.uprrp.edu\/gerenciadeoficina\/wp-content\/uploads\/sites\/14\/2022\/05\/JCE-13-de-mayo-20226-300x225.jpg\" alt=\"\" width=\"300\" height=\"225\" srcset=\"https:\/\/fae.uprrp.edu\/gerenciadeoficina\/wp-content\/uploads\/sites\/14\/2022\/05\/JCE-13-de-mayo-20226-300x225.jpg 300w, https:\/\/fae.uprrp.edu\/gerenciadeoficina\/wp-content\/uploads\/sites\/14\/2022\/05\/JCE-13-de-mayo-20226.jpg 571w\" sizes=\"auto, (max-width: 300px) 100vw, 300px\" \/> <img loading=\"lazy\" decoding=\"async\" class=\"alignnone size-medium wp-image-664\" src=\"https:\/\/fae.uprrp.edu\/gerenciadeoficina\/wp-content\/uploads\/sites\/14\/2022\/05\/JCE-13-de-mayo-2022-300x225.jpg\" alt=\"\" width=\"300\" height=\"225\" srcset=\"https:\/\/fae.uprrp.edu\/gerenciadeoficina\/wp-content\/uploads\/sites\/14\/2022\/05\/JCE-13-de-mayo-2022-300x225.jpg 300w, https:\/\/fae.uprrp.edu\/gerenciadeoficina\/wp-content\/uploads\/sites\/14\/2022\/05\/JCE-13-de-mayo-2022.jpg 625w\" sizes=\"auto, (max-width: 300px) 100vw, 300px\" \/><\/p>\n<div class=\"gmail_default\"><strong>Reuni\u00f3n de la Junta Consultiva Externa, 2 de marzo de 2016<\/strong><\/div>\n<div class=\"gmail_default\" style=\"text-align: justify;\">El pasado mi\u00e9rcoles 2 de marzo se llev\u00f3 a cabo la segunda reuni\u00f3n del a\u00f1o acad\u00e9mico de\u00a0la Junta Consultiva Externa. Fue una reuni\u00f3n sumamente productiva.\u00a0 Adem\u00e1s de los miembros de la Junta, se dieron cita la directora y facultad de GEOF, el Dr. Jos\u00e9 A. Gonz\u00e1lez Taboada, Decano de la FAE, el Dr. Rafael Marrero, Decano Auxiliar de Asuntos Estudiantiles de la FAE, y el Sr. Harold Viera, Presidente de Business Professionals of America, Cap\u00edtulo UPRP.<\/div>\n<div class=\"gmail_default\" style=\"text-align: justify;\"><a href=\"http:\/\/fae.uprrp.edu\/gerenciadeoficina\/wp-content\/uploads\/sites\/14\/2018\/09\/01-reunion-junta-consultiva-03-05-16.jpg\"><img loading=\"lazy\" decoding=\"async\" class=\"alignleft size-thumbnail wp-image-272\" src=\"http:\/\/fae.uprrp.edu\/gerenciadeoficina\/wp-content\/uploads\/sites\/14\/2018\/09\/01-reunion-junta-consultiva-03-05-16-150x150.jpg\" alt=\"01 reunion-junta-consultiva-03-05-16\" width=\"150\" height=\"150\" \/><\/a><\/div>\n<div class=\"gmail_default\" style=\"text-align: justify;\">La Dra. Myrna Pinto rindi\u00f3 un informe a la Junta sobre el cambio de nombre de nuestro programa a Gerencia de Oficina, entre otros asuntos.\u00a0 Los invitados compartieron valiosas ideas y recomendaciones para el mejoramiento continuo del curr\u00edculo y de otros aspectos de importancia para la acreditaci\u00f3n y el \u00e9xito del programa.<\/div>\n<div><\/div>\n<div><\/div>\n<div>\n<p><strong>Reuni\u00f3n de la Junta Consultiva Externa, <\/strong><strong>21 de noviembre de 2014<\/strong><\/p>\n<p>La \u00faltima reuni\u00f3n de la Junta Consultiva fue el 21 de noviembre del 2014.\u00a0 Entre los asuntos discutidos durante la reuni\u00f3n estuvieron:\u00a0 los logros obtenidos con la propuesta de cambio y mejoramiento del curr\u00edculo, y la propuesta de cambio de nombre a Programa de Gerencia de Oficina y el proceso de mejoramiento continuo.<\/p>\n<p><a href=\"http:\/\/fae.uprrp.edu\/gerenciadeoficina\/wp-content\/uploads\/sites\/14\/2018\/09\/02-JuntaConsultiva2-150x150.jpg\"><img loading=\"lazy\" decoding=\"async\" class=\"alignleft size-full wp-image-273\" src=\"http:\/\/fae.uprrp.edu\/gerenciadeoficina\/wp-content\/uploads\/sites\/14\/2018\/09\/02-JuntaConsultiva2-150x150.jpg\" alt=\"02 JuntaConsultiva2-150x150\" width=\"150\" height=\"150\" \/><\/a> <a href=\"http:\/\/fae.uprrp.edu\/gerenciadeoficina\/wp-content\/uploads\/sites\/14\/2018\/09\/03-JuntaConsultiva3-150x150.jpg\"><img loading=\"lazy\" decoding=\"async\" class=\"alignleft size-full wp-image-274\" src=\"http:\/\/fae.uprrp.edu\/gerenciadeoficina\/wp-content\/uploads\/sites\/14\/2018\/09\/03-JuntaConsultiva3-150x150.jpg\" alt=\"03 JuntaConsultiva3-150x150\" width=\"150\" height=\"150\" \/><\/a> <a href=\"http:\/\/fae.uprrp.edu\/gerenciadeoficina\/wp-content\/uploads\/sites\/14\/2018\/09\/04-JuntaConsultiva1-150x150.jpg\"><img loading=\"lazy\" decoding=\"async\" class=\"alignleft size-full wp-image-275\" src=\"http:\/\/fae.uprrp.edu\/gerenciadeoficina\/wp-content\/uploads\/sites\/14\/2018\/09\/04-JuntaConsultiva1-150x150.jpg\" alt=\"04 JuntaConsultiva1-150x150\" width=\"150\" height=\"150\" \/><\/a><\/p>\n<\/div>\n<div class=\"pvc_clear\"><\/div>\n<p id=\"pvc_stats_269\" class=\"pvc_stats all  \" data-element-id=\"269\" style=\"\"><i class=\"pvc-stats-icon medium\" aria-hidden=\"true\"><svg aria-hidden=\"true\" focusable=\"false\" data-prefix=\"far\" data-icon=\"chart-bar\" role=\"img\" xmlns=\"http:\/\/www.w3.org\/2000\/svg\" viewBox=\"0 0 512 512\" class=\"svg-inline--fa fa-chart-bar fa-w-16 fa-2x\"><path fill=\"currentColor\" d=\"M396.8 352h22.4c6.4 0 12.8-6.4 12.8-12.8V108.8c0-6.4-6.4-12.8-12.8-12.8h-22.4c-6.4 0-12.8 6.4-12.8 12.8v230.4c0 6.4 6.4 12.8 12.8 12.8zm-192 0h22.4c6.4 0 12.8-6.4 12.8-12.8V140.8c0-6.4-6.4-12.8-12.8-12.8h-22.4c-6.4 0-12.8 6.4-12.8 12.8v198.4c0 6.4 6.4 12.8 12.8 12.8zm96 0h22.4c6.4 0 12.8-6.4 12.8-12.8V204.8c0-6.4-6.4-12.8-12.8-12.8h-22.4c-6.4 0-12.8 6.4-12.8 12.8v134.4c0 6.4 6.4 12.8 12.8 12.8zM496 400H48V80c0-8.84-7.16-16-16-16H16C7.16 64 0 71.16 0 80v336c0 17.67 14.33 32 32 32h464c8.84 0 16-7.16 16-16v-16c0-8.84-7.16-16-16-16zm-387.2-48h22.4c6.4 0 12.8-6.4 12.8-12.8v-70.4c0-6.4-6.4-12.8-12.8-12.8h-22.4c-6.4 0-12.8 6.4-12.8 12.8v70.4c0 6.4 6.4 12.8 12.8 12.8z\" class=\"\"><\/path><\/svg><\/i> <img loading=\"lazy\" decoding=\"async\" width=\"16\" height=\"16\" alt=\"Loading\" src=\"https:\/\/fae.uprrp.edu\/gerenciadeoficina\/wp-content\/plugins\/page-views-count\/ajax-loader-2x.gif\" border=0 \/><\/p>\n<div class=\"pvc_clear\"><\/div>\n","protected":false},"excerpt":{"rendered":"<p>Contamos con la\u00a0asesor\u00eda y\u00a0colaboraci\u00f3n de una Junta Consultiva Externa compuesta por profesionales:\u00a0 reclutadores, expertos en Recursos Humanos y\u00a0egresados destacados. Regularmente la Junta se re\u00fane\u00a0de forma presencial cada dos a\u00f1os para atender los cambios m\u00e1s significativos del programa.\u00a0 Sin embargo, el impacto del Hurac\u00e1n Mar\u00eda a finales de 2017 no permiti\u00f3 que se efectuara la reuni\u00f3n<\/p>\n<div class=\"read-more\"><a href=\"https:\/\/fae.uprrp.edu\/gerenciadeoficina\/inicio\/junta-consultiva-externa-al-programa\/\" title=\"Read More\">Read More<\/a><\/div>\n<div class=\"pvc_clear\"><\/div>\n<p id=\"pvc_stats_269\" class=\"pvc_stats all  \" data-element-id=\"269\" style=\"\"><i class=\"pvc-stats-icon medium\" aria-hidden=\"true\"><svg aria-hidden=\"true\" focusable=\"false\" data-prefix=\"far\" data-icon=\"chart-bar\" role=\"img\" xmlns=\"http:\/\/www.w3.org\/2000\/svg\" viewBox=\"0 0 512 512\" class=\"svg-inline--fa fa-chart-bar fa-w-16 fa-2x\"><path fill=\"currentColor\" d=\"M396.8 352h22.4c6.4 0 12.8-6.4 12.8-12.8V108.8c0-6.4-6.4-12.8-12.8-12.8h-22.4c-6.4 0-12.8 6.4-12.8 12.8v230.4c0 6.4 6.4 12.8 12.8 12.8zm-192 0h22.4c6.4 0 12.8-6.4 12.8-12.8V140.8c0-6.4-6.4-12.8-12.8-12.8h-22.4c-6.4 0-12.8 6.4-12.8 12.8v198.4c0 6.4 6.4 12.8 12.8 12.8zm96 0h22.4c6.4 0 12.8-6.4 12.8-12.8V204.8c0-6.4-6.4-12.8-12.8-12.8h-22.4c-6.4 0-12.8 6.4-12.8 12.8v134.4c0 6.4 6.4 12.8 12.8 12.8zM496 400H48V80c0-8.84-7.16-16-16-16H16C7.16 64 0 71.16 0 80v336c0 17.67 14.33 32 32 32h464c8.84 0 16-7.16 16-16v-16c0-8.84-7.16-16-16-16zm-387.2-48h22.4c6.4 0 12.8-6.4 12.8-12.8v-70.4c0-6.4-6.4-12.8-12.8-12.8h-22.4c-6.4 0-12.8 6.4-12.8 12.8v70.4c0 6.4 6.4 12.8 12.8 12.8z\" class=\"\"><\/path><\/svg><\/i> <img loading=\"lazy\" decoding=\"async\" width=\"16\" height=\"16\" alt=\"Loading\" src=\"https:\/\/fae.uprrp.edu\/gerenciadeoficina\/wp-content\/plugins\/page-views-count\/ajax-loader-2x.gif\" border=0 \/><\/p>\n<div class=\"pvc_clear\"><\/div>\n","protected":false},"author":20,"featured_media":0,"parent":6,"menu_order":2,"comment_status":"closed","ping_status":"closed","template":"","meta":{"_monsterinsights_skip_tracking":false,"_monsterinsights_sitenote_active":false,"_monsterinsights_sitenote_note":"","_monsterinsights_sitenote_category":0,"footnotes":""},"class_list":["post-269","page","type-page","status-publish"],"_links":{"self":[{"href":"https:\/\/fae.uprrp.edu\/gerenciadeoficina\/wp-json\/wp\/v2\/pages\/269","targetHints":{"allow":["GET"]}}],"collection":[{"href":"https:\/\/fae.uprrp.edu\/gerenciadeoficina\/wp-json\/wp\/v2\/pages"}],"about":[{"href":"https:\/\/fae.uprrp.edu\/gerenciadeoficina\/wp-json\/wp\/v2\/types\/page"}],"author":[{"embeddable":true,"href":"https:\/\/fae.uprrp.edu\/gerenciadeoficina\/wp-json\/wp\/v2\/users\/20"}],"replies":[{"embeddable":true,"href":"https:\/\/fae.uprrp.edu\/gerenciadeoficina\/wp-json\/wp\/v2\/comments?post=269"}],"version-history":[{"count":12,"href":"https:\/\/fae.uprrp.edu\/gerenciadeoficina\/wp-json\/wp\/v2\/pages\/269\/revisions"}],"predecessor-version":[{"id":766,"href":"https:\/\/fae.uprrp.edu\/gerenciadeoficina\/wp-json\/wp\/v2\/pages\/269\/revisions\/766"}],"up":[{"embeddable":true,"href":"https:\/\/fae.uprrp.edu\/gerenciadeoficina\/wp-json\/wp\/v2\/pages\/6"}],"wp:attachment":[{"href":"https:\/\/fae.uprrp.edu\/gerenciadeoficina\/wp-json\/wp\/v2\/media?parent=269"}],"curies":[{"name":"wp","href":"https:\/\/api.w.org\/{rel}","templated":true}]}}